{"id":6701,"date":"2017-09-28T10:10:52","date_gmt":"2017-09-28T08:10:52","guid":{"rendered":"https:\/\/indecosoft.ro\/site\/?page_id=6701"},"modified":"2018-03-13T14:14:28","modified_gmt":"2018-03-13T12:14:28","slug":"docs4ever-electronic-archiving-en","status":"publish","type":"page","link":"https:\/\/indecosoft.ro\/site\/docs4ever-electronic-archiving-en\/","title":{"rendered":"Docs4Ever electronic archiving En"},"content":{"rendered":"<section class=\"kc-elm kc-css-848891 kc_row\"><div class=\"kc-row-container  kc-container\"><div class=\"kc-wrap-columns\"><div class=\"kc-elm kc-css-718817 kc_col-sm-3 kc_column kc_col-sm-3\"><div class=\"kc-col-container\"><div class=\"kc-elm kc-css-57558 kc_shortcode kc_single_image\">\n\n        <img decoding=\"async\" src=\"https:\/\/www.indecosoft.ro\/site\/wp-content\/uploads\/2017\/07\/logo_arhiva_electronica-200x200xc.png\" class=\"\" alt=\"\" \/>    <\/div>\n<\/div><\/div><div class=\"kc-elm kc-css-291213 kc_col-sm-9 kc_column kc_col-sm-9\"><div class=\"kc-col-container\"><div class=\"kc-elm kc-css-801574\" style=\"height: 60px; clear: both; width:100%;\"><\/div>\n<div class=\"kc-elm kc-css-972631 kc-animated kc-animate-eff-fadeIn kc-animate-speed-3.5s kc-title-wrap \">\n\n\t<h1 class=\"kc_title\">Docs4Ever electronic archiving<\/h1>\n<\/div>\n<div class=\"kc-elm kc-css-782911\" style=\"height: 20px; clear: both; width:100%;\"><\/div><div class=\"kc-elm kc-css-92028 kc_text_block\"><\/p>\n<div id=\"gt-c\" class=\"g-section\">\n<div id=\"gt-form-c\">\n<form id=\"gt-form\" action=\"\/\" enctype=\"application\/x-www-form-urlencoded\" method=\"post\" name=\"text_form\">\n<div id=\"gt-text-all\">\n<div id=\"gt-main\">\n<div id=\"gt-text-c\">\n<div id=\"gt-text-top\">\n<div id=\"gt-res-c\" class=\"g-unit\">\n<div id=\"gt-res-p\">\n<div id=\"gt-res-data\">\n<div id=\"gt-res-wrap\">\n<div id=\"gt-res-content\">\n<div id=\"gt-res-dir-ctr\" class=\"trans-verified-button-small\" dir=\"ltr\">\n<p><span id=\"result_box\" lang=\"en\" tabindex=\"-1\"><span title=\"Arhivarea documentelor este o provocare constant\u0103 pentru administra\u021bia public\u0103 \u0219i firmele private deopotriv\u0103.\">Archiving documents is a constant challenge for both public administration and private companies alike. <\/span><span title=\"Num\u0103rul documentelor fizice din arhive este \u00eentr-o continu\u0103 cre\u0219tere, iar reg\u0103sirea acestora este o provocare cresc\u00e2nd\u0103 de la un an la altul. \">The number of physical documents in the archives is steadily increasing, and their retrieval is a growing challenge from year to year.<\/span><\/span><\/p>\n<p><span title=\"Scanarea documentelor, utilizarea unor instrumente de recunoa\u0219tere optic\u0103 a caracterelor \u0219i organizarea lor conform nomenclatoarelor arhivistice \u0219i reglement\u0103rilor legale \u00een vigoare permit reg\u0103sirea \u0219i consultarea facil\u0103 a documentelor institu\u021biei. \">Document scanning, the use of optical character recognition tools, and their organization in accordance with archival nomenclatures and legal regulations, make it easy to find and consult the institution&#8217;s documents.<br \/>\n<\/span><span title=\"Sistemul informatic Docs4Ever dezvoltat de Indeco Soft permite realizarea tuturor acestor opera\u021biuni \u00eentr-o interfa\u021b\u0103 prietenoas\u0103 \u0219i intuitiv\u0103, realizat\u0103 \u00een parteneriat cu personal specializat \u00een gestiunea arhivelor \u0219i este: \">Indeco Soft&#8217;s Docs4Ever computer system enables you to perform all of these operations in a friendly and intuitive interface, built in partnership with archive management personnel, and is:<br \/>\n<\/span><span title=\"compatibil cu majoritatea dispozitivelor multifunc\u021bionale \u0219i scanner disponibile, sistemul permite scanarea cu ajutorul scannerelor virtuale \u0219i ofer\u0103 suport pentru procesare fi\u0219iere PDF \u0219i recunoa\u0219tere optic\u0103 a caracterelor \u00een limba rom\u00e2n\u0103 (OCR) \">compatible with most available multifunction and scanner devices, the system allows scanning with virtual scanners and provides support for PDF file processing and optical character recognition (OCR)<\/span><\/p>\n<p><span title=\"Reg\u0103sirea documentelor arhivate se realizeaz\u0103 dup\u0103 criterii multiple (descriere, perioad\u0103, dat\u0103, tip document, con\u021binut, note \u0219i comentarii), iar rezultatele c\u0103ut\u0103rii sunt conforme drepturilor de acces ale fiec\u0103rui utilizator \/ grup \u00een parte. \">The retrieval of archived documents is performed by multiple criteria (description, period, date, document type, content, notes and comments) and the search results are in accordance with the access rights of each user \/ group.<\/span><\/p>\n<p><span title=\"Sistemul p\u0103streaz\u0103 istoricul modific\u0103rilor asupra documentelor de arhiv\u0103 (reindex\u0103ri, modific\u0103ri, \u0219tergeri, etc), oglindind cu precizie arhiva fizic\u0103 prin organizarea documentelor \u00een dosare \u0219i volume, gestiunea documentelor conform legisla\u021biei \u00een vigoare, pe baz\u0103 de nomenclator arhivistic anual, permi\u021b\u00e2nd crearea, modificarea \u0219i\">The system keeps track of changes to archive documents (redeemings, changes, deletions, etc.), accurately mirroring the physical archive by organizing documents in files and volumes, document management according to current legislation, based on an annual archive list, allowing creation, modification and <\/span><span title=\"gestionarea nomenclatorului de arhiv\u0103 specific.\">managing the specific archive nomenclature. <\/span><span title=\"Sistemul genereaz\u0103 inventarele \u0219i registrul de eviden\u021b\u0103, permi\u021b\u00e2nd gestiunea automat\u0103 a termenelor de p\u0103strare pentru fiecare dosar \u0219i \u00eenregistrarea opera\u021biunilor de scoatere din arhiv\u0103 pentru consultare a dosarelor.\">The system generates inventories and records, enabling the automatic management of retention times for each dossier and recording of removal operations from the archive for file consultation. <\/span><span title=\"Managementul arhivei fizice se realizeaz\u0103 cu asigurarea arhiv\u0103rii precise a unui document \u00eentr-o anumit\u0103 loca\u021bie fizic\u0103 prin gestiunea spa\u021biilor fizice de arhivare, la nivel de cl\u0103dire, \u00eenc\u0103pere, raft, cutie, pozi\u021bie, etc, pe baz\u0103 de coduri QR \u0219i generarea etichetelor pentru coperta\">Physical archive management is achieved by ensuring accurate archiving of a document in a physical location by managing physical archive spaces at the building level, room, shelf, box, position, etc., based on QR codes and generating the cover labels <\/span><span title=\"dosarelor. \">files.<br \/>\n<\/span><span title=\"Scanarea codurilor QR ale dosarelor fizice \u0219i afi\u0219area dosarului \u00een format electronic, pentru utilizatorii autoriza\u021bi faciliteaz\u0103 managementul documentelor fizice \u0219i verific\u0103rile \u00een arhiv\u0103.\">Scanning the physical code QRs and viewing the file in electronic format for authorized users facilitates physical document management and archive checks.<\/span><\/p>\n<\/div>\n<div dir=\"ltr\"><\/div>\n<\/div>\n<\/div>\n<\/div>\n<\/div>\n<\/div>\n<\/div>\n<\/div>\n<\/div>\n<\/div>\n<\/form>\n<\/div>\n<\/div>\n<div id=\"gt-c\" class=\"g-section\">\n<div id=\"gt-form-c\">\n<form id=\"gt-form\" action=\"\/\" enctype=\"application\/x-www-form-urlencoded\" method=\"post\" name=\"text_form\">\n<div id=\"gt-text-all\">\n<div id=\"gt-main\">\n<div id=\"gt-text-c\">\n<div id=\"gt-text-top\">\n<div id=\"gt-res-c\" class=\"g-unit\">\n<div id=\"gt-res-p\">\n<div id=\"gt-res-data\">\n<div id=\"gt-res-wrap\">\n<div id=\"gt-res-content\">\n<div id=\"gt-res-dir-ctr\" class=\"trans-verified-button-small\" dir=\"ltr\"><span id=\"result_box\" lang=\"en\" tabindex=\"-1\">Docs4Ever &#8211; Archiving Software can be provided in three ways:<\/span><\/div>\n<\/div>\n<\/div>\n<\/div>\n<\/div>\n<\/div>\n<\/div>\n<\/div>\n<\/div>\n<\/div>\n<\/form>\n<\/div>\n<\/div>\n<p><img decoding=\"async\" src=\"https:\/\/www.indecosoft.ro\/site\/wp-content\/uploads\/2016\/01\/ok.png\" width=\"10\" \/><strong>Software as a service<\/strong> &#8211; electronically archived documents are stored in the Indeco Soft data center, certified ISO 27001 for information security, and can be consulted through the Internet by authorized users.<\/p>\n<p><img decoding=\"async\" src=\"https:\/\/www.indecosoft.ro\/site\/wp-content\/uploads\/2016\/01\/ok.png\" width=\"10\" \/><strong>Local installation<\/strong> &#8211; archived documents are stored on your institution&#8217;s servers<\/p>\n<p><img decoding=\"async\" src=\"https:\/\/www.indecosoft.ro\/site\/wp-content\/uploads\/2016\/01\/ok.png\" width=\"10\" \/><strong>Complete\u00a0services <\/strong>&#8211; physical and electronic archiving<\/p>\n<div id=\"gt-c\" class=\"g-section\">\n<div id=\"gt-form-c\">\n<form id=\"gt-form\" action=\"\/\" enctype=\"application\/x-www-form-urlencoded\" method=\"post\" name=\"text_form\">\n<div id=\"gt-text-all\">\n<div id=\"gt-main\">\n<div id=\"gt-text-c\">\n<div id=\"gt-text-top\">\n<div id=\"gt-res-c\" class=\"g-unit\">\n<div id=\"gt-res-p\">\n<div id=\"gt-res-data\">\n<div id=\"gt-res-wrap\">\n<div id=\"gt-res-content\">\n<div id=\"gt-res-dir-ctr\" class=\"trans-verified-button-small\" dir=\"ltr\"><span id=\"result_box\" lang=\"en\" tabindex=\"-1\">Docs4Ever,<strong> a social economy structure<\/strong>, is our partner providing physical document archiving services.<\/span><\/div>\n<div class=\"trans-verified-button-small\" dir=\"ltr\"><span id=\"result_box\" lang=\"en\" tabindex=\"-1\">More details on\u00a0<\/span><a href=\"https:\/\/www.docs4ever.ro\/\" target=\"blank\">www.docs4ever.ro<\/a>.<\/div>\n<div dir=\"ltr\"><\/div>\n<\/div>\n<\/div>\n<\/div>\n<\/div>\n<\/div>\n<\/div>\n<\/div>\n<\/div>\n<\/div>\n<\/form>\n<\/div>\n<\/div>\n<div id=\"gt-c\" class=\"g-section\">\n<div id=\"gt-form-c\">\n<form id=\"gt-form\" action=\"\/\" enctype=\"application\/x-www-form-urlencoded\" method=\"post\" name=\"text_form\">\n<div id=\"gt-text-all\">\n<div id=\"gt-main\">\n<div id=\"gt-text-c\">\n<div id=\"gt-text-top\">\n<div id=\"gt-res-c\" class=\"g-unit\">\n<div id=\"gt-res-p\">\n<div id=\"gt-res-data\">\n<div id=\"gt-res-wrap\">\n<div id=\"gt-res-content\">\n<div id=\"gt-res-dir-ctr\" class=\"trans-verified-button-small\" dir=\"ltr\"><span id=\"result_box\" lang=\"en\" tabindex=\"-1\">The electronic archiving system can be integrated with other Indeco Soft products in your institution: CID (Internal Document Circuit), AsiSoc (Social Assistance), etc.<\/span><\/div>\n<\/div>\n<\/div>\n<\/div>\n<\/div>\n<\/div>\n<\/div>\n<\/div>\n<\/div>\n<\/div>\n<\/form>\n<\/div>\n<\/div>\n<p>\n<\/div><div class=\"kc-elm kc-css-593784\" style=\"height: 50px; clear: both; width:100%;\"><\/div><\/div><\/div><\/div><\/div><\/section>\n","protected":false},"excerpt":{"rendered":"","protected":false},"author":1,"featured_media":0,"parent":0,"menu_order":0,"comment_status":"closed","ping_status":"closed","template":"","meta":{"footnotes":""},"_links":{"self":[{"href":"https:\/\/indecosoft.ro\/site\/wp-json\/wp\/v2\/pages\/6701"}],"collection":[{"href":"https:\/\/indecosoft.ro\/site\/wp-json\/wp\/v2\/pages"}],"about":[{"href":"https:\/\/indecosoft.ro\/site\/wp-json\/wp\/v2\/types\/page"}],"author":[{"embeddable":true,"href":"https:\/\/indecosoft.ro\/site\/wp-json\/wp\/v2\/users\/1"}],"replies":[{"embeddable":true,"href":"https:\/\/indecosoft.ro\/site\/wp-json\/wp\/v2\/comments?post=6701"}],"version-history":[{"count":2,"href":"https:\/\/indecosoft.ro\/site\/wp-json\/wp\/v2\/pages\/6701\/revisions"}],"predecessor-version":[{"id":7117,"href":"https:\/\/indecosoft.ro\/site\/wp-json\/wp\/v2\/pages\/6701\/revisions\/7117"}],"wp:attachment":[{"href":"https:\/\/indecosoft.ro\/site\/wp-json\/wp\/v2\/media?parent=6701"}],"curies":[{"name":"wp","href":"https:\/\/api.w.org\/{rel}","templated":true}]}}