{"id":6680,"date":"2017-09-27T14:05:49","date_gmt":"2017-09-27T12:05:49","guid":{"rendered":"https:\/\/indecosoft.ro\/site\/?page_id=6680"},"modified":"2017-09-27T14:05:49","modified_gmt":"2017-09-27T12:05:49","slug":"curriculum-en","status":"publish","type":"page","link":"https:\/\/indecosoft.ro\/site\/curriculum-en\/","title":{"rendered":"Curriculum En"},"content":{"rendered":"<section class=\"kc-elm kc-css-987486 kc_row\"><div class=\"kc-row-container  kc-container\"><div class=\"kc-wrap-columns\"><div class=\"kc-elm kc-css-62128 kc_col-sm-3 kc_column kc_col-sm-3\"><div class=\"kc-col-container\"><div class=\"kc-elm kc-css-146473 kc_shortcode kc_single_image\">\n\n        <img decoding=\"async\" src=\"https:\/\/www.indecosoft.ro\/site\/wp-content\/uploads\/2012\/12\/curriculum3-200x200xc.png\" class=\"\" alt=\"\" \/>    <\/div>\n<\/div><\/div><div class=\"kc-elm kc-css-410072 kc_col-sm-9 kc_column kc_col-sm-9\"><div class=\"kc-col-container\"><div class=\"kc-elm kc-css-892806\" style=\"height: 60px; clear: both; width:100%;\"><\/div>\n<div class=\"kc-elm kc-css-293291 kc-animated kc-animate-eff-fadeIn kc-animate-speed-3.5s kc-title-wrap \">\n\n\t<h1 class=\"kc_title\">Curriculum<\/h1>\n<\/div>\n<div class=\"kc-elm kc-css-240823\" style=\"height: 20px; clear: both; width:100%;\"><\/div><div class=\"kc-elm kc-css-225246 kc_text_block\"><\/p>\n<div class=\"row-fluid\">\n<div class=\"wpb_content_element span12 wpb_text_column\">\n<div class=\"wpb_wrapper\">\n<div id=\"gt-c\" class=\"g-section\">\n<div id=\"gt-form-c\">\n<form id=\"gt-form\" action=\"\/\" enctype=\"application\/x-www-form-urlencoded\" method=\"post\" name=\"text_form\">\n<div id=\"gt-text-all\">\n<div id=\"gt-main\">\n<div id=\"gt-text-c\">\n<div id=\"gt-text-top\">\n<div id=\"gt-res-c\" class=\"g-unit\">\n<div id=\"gt-res-p\">\n<div id=\"gt-res-data\">\n<div id=\"gt-res-wrap\">\n<div id=\"gt-res-content\">\n<div id=\"gt-res-dir-ctr\" class=\"trans-verified-button-small\" dir=\"ltr\">\n<p><span id=\"result_box\" lang=\"en\" tabindex=\"-1\"><span title=\"Aplica\u0163ia informatic\u0103\u00a0Curriculum\u00a0este destinat\u0103 asist\u0103rii, planific\u0103rii, organiz\u0103rii \u015fi desf\u0103\u0219ur\u0103rii activit\u0103\u0163ii didactice. \"><strong>The Curriculum Computer Application is designed to assist, plan, organize, and conduct teaching.<\/strong><\/span><\/span><\/p>\n<p><span title=\"Aplica\u0163ia informatic\u0103 permite definirea planurilor de \u00eenv\u0103\u021b\u0103m\u00e2nt pentru fiecare specializare \u00een parte din cadrul departamentelor.\">The IT application allows the definition of the curricula for each specialization within the departments. <\/span><span title=\"Activitatea didactic\u0103 poate fi detaliat\u0103 la nivel de grupe \u015fi subgrupe pentru fiecare tip de activitate (curs, seminar, laborator etc) la nivel de disciplina de studiu.\">The teaching activity can be detailed at the level of groups and subgroups for each type of activity (course, seminar, laboratory etc.) at the level of the study discipline. <\/span><span title=\"De asemenea pot fi stabilite activit\u0103\u021bile care se fac \u00een comun cum sunt cursurile sau seminariile comune. \">Joint activities such as joint courses or seminars can also be established.<\/span><\/p>\n<p><span title=\"Pe baza planurilor de \u00eenv\u0103\u021b\u0103m\u00e2nt se \u00eentocmesc statele de func\u0163ii ale cadrelor didactice angajate sau asociate.\">On the basis of the curricula, the positions of the staff employed or associated with the teaching staff are drawn up. <\/span><span title=\"Aplica\u021bia valideaz\u0103 orele alocate din planurilor de \u00eenv\u0103\u021b\u0103m\u00e2nt at\u00e2t la norma de baz\u0103 c\u00e2t \u0219i plata cu ora, precum \u0219i unicitatea asocierii dintre ore \u0219i cadrele didactice care le sus\u021bin. \">The application validates the hours allocated in the curriculum to both the basic norm and the hourly payment, as well as the uniqueness of the association between the hours and the teachers who support them.<\/span><\/p>\n<p><span title=\"\u00cen func\u021bie de nivelul de acces, cadrele didactice pot s\u0103-\u0219i fac\u0103 raportarea activit\u0103\u021bii desf\u0103\u0219urate efectiv la plata cu ora, iar aplica\u021bia valideaz\u0103 num\u0103rul total de ore raportat cu norma rezultat\u0103 din statele de func\u021bii. \">Depending on the level of access, teachers can report their actual time-paid activity, and the application validates the total number of hours reported to the function rule result.<\/span><\/p>\n<p><span title=\"Aplica\u0163ia informatic\u0103 se integreaz\u0103 cu modulul de salarizare \u00een care va genera automat din statele de func\u0163ii plata cu ora pentru calcul salarii.\">The IT application integrates with the payroll module in which it automatically generates payroll hours for salary calculations.<\/span><\/p>\n<\/div>\n<\/div>\n<\/div>\n<\/div>\n<\/div>\n<\/div>\n<\/div>\n<\/div>\n<\/div>\n<\/div>\n<\/form>\n<\/div>\n<\/div>\n<\/div>\n<\/div>\n<\/div>\n<p>\n<\/div><div class=\"kc-elm kc-css-996806\" style=\"height: 50px; clear: both; width:100%;\"><\/div><\/div><\/div><\/div><\/div><\/section>\n","protected":false},"excerpt":{"rendered":"","protected":false},"author":1,"featured_media":0,"parent":0,"menu_order":0,"comment_status":"closed","ping_status":"closed","template":"","meta":{"footnotes":""},"_links":{"self":[{"href":"https:\/\/indecosoft.ro\/site\/wp-json\/wp\/v2\/pages\/6680"}],"collection":[{"href":"https:\/\/indecosoft.ro\/site\/wp-json\/wp\/v2\/pages"}],"about":[{"href":"https:\/\/indecosoft.ro\/site\/wp-json\/wp\/v2\/types\/page"}],"author":[{"embeddable":true,"href":"https:\/\/indecosoft.ro\/site\/wp-json\/wp\/v2\/users\/1"}],"replies":[{"embeddable":true,"href":"https:\/\/indecosoft.ro\/site\/wp-json\/wp\/v2\/comments?post=6680"}],"version-history":[{"count":1,"href":"https:\/\/indecosoft.ro\/site\/wp-json\/wp\/v2\/pages\/6680\/revisions"}],"predecessor-version":[{"id":6681,"href":"https:\/\/indecosoft.ro\/site\/wp-json\/wp\/v2\/pages\/6680\/revisions\/6681"}],"wp:attachment":[{"href":"https:\/\/indecosoft.ro\/site\/wp-json\/wp\/v2\/media?parent=6680"}],"curies":[{"name":"wp","href":"https:\/\/api.w.org\/{rel}","templated":true}]}}