{"id":5888,"date":"2017-07-20T12:13:52","date_gmt":"2017-07-20T10:13:52","guid":{"rendered":"https:\/\/indecosoft.ro\/site\/?page_id=5888"},"modified":"2018-02-23T09:07:28","modified_gmt":"2018-02-23T07:07:28","slug":"portal-comuna-batar","status":"publish","type":"page","link":"https:\/\/indecosoft.ro\/site\/portal-comuna-batar\/","title":{"rendered":"Portal Comuna Bat\u0103r"},"content":{"rendered":"<section class=\"kc-elm kc-css-965764 kc_row\"><div class=\"kc-row-container  kc-container\"><div class=\"kc-wrap-columns\"><div class=\"kc-elm kc-css-959442 kc_col-sm-3 kc_column kc_col-sm-3\"><div class=\"kc-col-container\"><div class=\"kc-elm kc-css-655005 kc_shortcode kc_single_image\">\n\n        <img decoding=\"async\" src=\"https:\/\/www.indecosoft.ro\/site\/wp-content\/uploads\/2017\/07\/print_batar-200x200xc.png\" class=\"\" alt=\"\" \/>    <\/div>\n<\/div><\/div><div class=\"kc-elm kc-css-728814 kc_col-sm-9 kc_column kc_col-sm-9\"><div class=\"kc-col-container\"><div class=\"kc-elm kc-css-691068\" style=\"height: 60px; clear: both; width:100%;\"><\/div>\n<div class=\"kc-elm kc-css-240469 kc-animated kc-animate-eff-fadeIn kc-animate-speed-3.5s kc-title-wrap \">\n\n\t<h1 class=\"kc_title\">Portal Comuna Bat\u0103r<\/h1>\n<\/div>\n<div class=\"kc-elm kc-css-307405\" style=\"height: 20px; clear: both; width:100%;\"><\/div><div class=\"kc-elm kc-css-331534 kc_text_block\"><\/p>\n<div class=\"row-fluid\">\n<div class=\"wpb_content_element span12 wpb_text_column\">\n<div class=\"wpb_wrapper\">\n<div class=\"row-fluid\">\n<div class=\"wpb_content_element span12 wpb_text_column\">\n<div class=\"wpb_wrapper\">\n<div class=\"row-fluid\">\n<div class=\"wpb_content_element span12 wpb_text_column\">\n<div class=\"wpb_wrapper\">\n<p><strong>Portalul Prim\u0103riei Bat\u0103r este un sistem web accesibil pe internet destinat inform\u0103rii publice.<\/strong><\/p>\n<p>Informa\u0163iile portalului sunt\u00a0 publicate pe internet de Prim\u0103ria Comunei Bat\u0103r, jude\u0163ul Bihor.<\/p>\n<\/div>\n<\/div>\n<\/div>\n<div class=\"row-fluid\">\n<div class=\"wpb_content_element span12 wpb_text_column\">\n<div class=\"wpb_wrapper\">\n<p>Sistemul este accesibil \u00een internet astfel \u00eenc\u00e2t orice utilizator de internet are acces la:<\/p>\n<ul>\n<li>Informa\u0163iile despre conducerea prim\u0103riei,<\/li>\n<li>Informa\u0163ii de interes public,<\/li>\n<li>Lista autoriza\u0163iilor de construc\u0163ie \u015fi lista certificatelor de urbanism,<\/li>\n<li>Informa\u0163ii despre comuna Bat\u0103r.<\/li>\n<\/ul>\n<p>Portalul folose\u015fte tehnologii web at\u00e2t \u00een interfa\u0163a cu cet\u0103\u0163enii c\u00e2t \u015fi \u00een interfa\u0163a de administrare.<\/p>\n<p>Administratorul gestioneaz\u0103 informa\u0163iile con\u0163inute \u00een portal. Acesta poate ad\u0103uga, modifica sau \u015fterge informa\u0163iile ce apar \u00een interfa\u0163a cu cet\u0103\u0163enii.<\/p>\n<p>Interfa\u0163a cu utilizatorii portalului este ergonomic\u0103 \u015fi intuitiv\u0103 astfel \u00eenc\u00e2t utilizatorul are acces rapid la toate informa\u0163iile postate.<\/p>\n<\/div>\n<\/div>\n<\/div>\n<\/div>\n<\/div>\n<\/div>\n<\/div>\n<\/div>\n<\/div>\n<p>\n<\/div><div class=\"kc-elm kc-css-172800\" style=\"height: 50px; clear: both; width:100%;\"><\/div><\/div><\/div><\/div><\/div><\/section>\n","protected":false},"excerpt":{"rendered":"","protected":false},"author":1,"featured_media":0,"parent":0,"menu_order":0,"comment_status":"closed","ping_status":"closed","template":"","meta":{"footnotes":""},"_links":{"self":[{"href":"https:\/\/indecosoft.ro\/site\/wp-json\/wp\/v2\/pages\/5888"}],"collection":[{"href":"https:\/\/indecosoft.ro\/site\/wp-json\/wp\/v2\/pages"}],"about":[{"href":"https:\/\/indecosoft.ro\/site\/wp-json\/wp\/v2\/types\/page"}],"author":[{"embeddable":true,"href":"https:\/\/indecosoft.ro\/site\/wp-json\/wp\/v2\/users\/1"}],"replies":[{"embeddable":true,"href":"https:\/\/indecosoft.ro\/site\/wp-json\/wp\/v2\/comments?post=5888"}],"version-history":[{"count":4,"href":"https:\/\/indecosoft.ro\/site\/wp-json\/wp\/v2\/pages\/5888\/revisions"}],"predecessor-version":[{"id":7056,"href":"https:\/\/indecosoft.ro\/site\/wp-json\/wp\/v2\/pages\/5888\/revisions\/7056"}],"wp:attachment":[{"href":"https:\/\/indecosoft.ro\/site\/wp-json\/wp\/v2\/media?parent=5888"}],"curies":[{"name":"wp","href":"https:\/\/api.w.org\/{rel}","templated":true}]}}