{"id":5843,"date":"2017-07-20T11:18:59","date_gmt":"2017-07-20T09:18:59","guid":{"rendered":"https:\/\/indecosoft.ro\/site\/?page_id=5843"},"modified":"2017-09-26T14:17:47","modified_gmt":"2017-09-26T12:17:47","slug":"cid","status":"publish","type":"page","link":"https:\/\/indecosoft.ro\/site\/cid\/","title":{"rendered":"CID"},"content":{"rendered":"<section class=\"kc-elm kc-css-865032 kc_row\"><div class=\"kc-row-container  kc-container\"><div class=\"kc-wrap-columns\"><div class=\"kc-elm kc-css-252049 kc_col-sm-3 kc_column kc_col-sm-3\"><div class=\"kc-col-container\"><div class=\"kc-elm kc-css-312231 kc_shortcode kc_single_image\">\n\n        <img decoding=\"async\" src=\"https:\/\/www.indecosoft.ro\/site\/wp-content\/uploads\/2017\/07\/CID_images-200x200xc.png\" class=\"\" alt=\"\" \/>    <\/div>\n<\/div><\/div><div class=\"kc-elm kc-css-264163 kc_col-sm-9 kc_column kc_col-sm-9\"><div class=\"kc-col-container\"><div class=\"kc-elm kc-css-723983\" style=\"height: 60px; clear: both; width:100%;\"><\/div>\n<div class=\"kc-elm kc-css-388213 kc-animated kc-animate-eff-fadeIn kc-animate-speed-3.5s kc-title-wrap \">\n\n\t<h1 class=\"kc_title\">CID<\/h1>\n<\/div>\n<div class=\"kc-elm kc-css-461198\" style=\"height: 20px; clear: both; width:100%;\"><\/div><div class=\"kc-elm kc-css-258288 kc_text_block\"><\/p>\n<p><strong>Modulul\u00a0Circula\u0163ia Intern\u0103 a Documentelor\u00a0este destinat urm\u0103ririi fluxului \u015fi stoc\u0103rii documentelor \u00een format electronic \u015fi a imaginilor documentelor scrise din cadrul unei institu\u0163ii. Este proiectat \u00een tehnologie Web fiind astfel accesibil prin browser, pe baz\u0103 de autentificare.<\/strong><\/p>\n<p>\n<\/div><div class=\"kc-elm kc-css-880323\" style=\"height: 30px; clear: both; width:100%;\"><\/div><div class=\"kc-elm kc-css-94831 kc_text_block\"><\/p>\n<p><strong>Aplica\u021bia pune la dispozi\u021bie urm\u0103toarele facilit\u0103\u021bi:<\/strong><\/p>\n<ul>\n<li>stocheaz\u0103 \u0219i administreaz\u0103 documentele cu caracter local, coresponden\u021ba intern\u0103 \u0219i extern\u0103, cererile cet\u0103\u021benilor, firmelor sau diverselor organiza\u021bii;<\/li>\n<li>posibilitatea gestionarii mai multor registre pentru documente.<\/li>\n<li>permite ad\u0103ugarea, modificarea, transferul, operarea unui document;<\/li>\n<li>afi\u0219eaz\u0103 traseul circula\u021biei documentului, astfel \u00eenc\u00e2t \u00een orice moment se \u0219tie unde se afl\u0103 orice document;<\/li>\n<li>tine eviden\u021ba stadiului de procesare al unui anumit document;<\/li>\n<li>afi\u0219eaz\u0103 lista documentelor filtrate dup\u0103 mai multe criterii: documente \u00een lucru, urgente, expirate, documente de expediat;<\/li>\n<li>afi\u0219eaz\u0103 registru general indexat, cu toate documentele din anul curent sau un an anterior;<\/li>\n<li>permite localizarea rapid\u0103 a unui document prin unelte de c\u0103utare complex\u0103 dup\u0103 diverse criterii;<\/li>\n<li>listeaz\u0103 borderouri \u0219i rapoarte pe o anumit\u0103 perioad\u0103 de timp sau zilnice.<\/li>\n<\/ul>\n<p>Documentele electronice sunt arhivate \u0219i protejate \u00eempotriva pierderilor sau distrugerii accidentale.<\/p>\n<p>Modulul\u00a0<strong>CIDonline<\/strong>\u00a0permite\u00a0 vizualizarea de c\u0103tre contribuabil a cererilor depuse la institu\u021bii ale administra\u021biei locale (primarii, consilii jude\u021bene sau altele).<\/p>\n<p><strong>Sunt puse la dispozi\u021bie urm\u0103toarele func\u021biuni:<\/strong><\/p>\n<ul>\n<li>integrarea aplica\u021biei \u00een site-ul institu\u021biei;<\/li>\n<li>c\u0103utare dup\u0103 diferi\u021bi parametri pentru accesul rapid la un document;<\/li>\n<li>consultarea stadiului proces\u0103rii documentelor depuse;<\/li>\n<li>acces autorizat la informa\u021bii.<\/li>\n<\/ul>\n<p>\n<\/div><div class=\"kc-elm kc-css-552276\" style=\"height: 50px; clear: both; width:100%;\"><\/div><\/div><\/div><\/div><\/div><\/section>\n","protected":false},"excerpt":{"rendered":"","protected":false},"author":1,"featured_media":0,"parent":0,"menu_order":0,"comment_status":"closed","ping_status":"closed","template":"","meta":{"footnotes":""},"_links":{"self":[{"href":"https:\/\/indecosoft.ro\/site\/wp-json\/wp\/v2\/pages\/5843"}],"collection":[{"href":"https:\/\/indecosoft.ro\/site\/wp-json\/wp\/v2\/pages"}],"about":[{"href":"https:\/\/indecosoft.ro\/site\/wp-json\/wp\/v2\/types\/page"}],"author":[{"embeddable":true,"href":"https:\/\/indecosoft.ro\/site\/wp-json\/wp\/v2\/users\/1"}],"replies":[{"embeddable":true,"href":"https:\/\/indecosoft.ro\/site\/wp-json\/wp\/v2\/comments?post=5843"}],"version-history":[{"count":2,"href":"https:\/\/indecosoft.ro\/site\/wp-json\/wp\/v2\/pages\/5843\/revisions"}],"predecessor-version":[{"id":6537,"href":"https:\/\/indecosoft.ro\/site\/wp-json\/wp\/v2\/pages\/5843\/revisions\/6537"}],"wp:attachment":[{"href":"https:\/\/indecosoft.ro\/site\/wp-json\/wp\/v2\/media?parent=5843"}],"curies":[{"name":"wp","href":"https:\/\/api.w.org\/{rel}","templated":true}]}}