{"id":5828,"date":"2017-07-20T10:35:39","date_gmt":"2017-07-20T08:35:39","guid":{"rendered":"https:\/\/indecosoft.ro\/site\/?page_id=5828"},"modified":"2017-09-27T08:10:19","modified_gmt":"2017-09-27T06:10:19","slug":"transport","status":"publish","type":"page","link":"https:\/\/indecosoft.ro\/site\/transport\/","title":{"rendered":"Transport"},"content":{"rendered":"<section class=\"kc-elm kc-css-859312 kc_row\"><div class=\"kc-row-container  kc-container\"><div class=\"kc-wrap-columns\"><div class=\"kc-elm kc-css-522771 kc_col-sm-3 kc_column kc_col-sm-3\"><div class=\"kc-col-container\"><div class=\"kc-elm kc-css-448602 kc_shortcode kc_single_image\">\n\n        <img decoding=\"async\" src=\"https:\/\/www.indecosoft.ro\/site\/wp-content\/uploads\/2017\/07\/logo_transport-200x200xc.png\" class=\"\" alt=\"\" \/>    <\/div>\n<\/div><\/div><div class=\"kc-elm kc-css-203452 kc_col-sm-9 kc_column kc_col-sm-9\"><div class=\"kc-col-container\"><div class=\"kc-elm kc-css-597951\" style=\"height: 60px; clear: both; width:100%;\"><\/div>\n<div class=\"kc-elm kc-css-92224 kc-animated kc-animate-eff-fadeIn kc-animate-speed-3.5s kc-title-wrap \">\n\n\t<h1 class=\"kc_title\"> Transport<\/h1>\n<\/div>\n<div class=\"kc-elm kc-css-415577\" style=\"height: 20px; clear: both; width:100%;\"><\/div><div class=\"kc-elm kc-css-750854 kc_text_block\"><\/p>\n<p><strong>Aplica\u0163ia\u00a0Transport\u00a0gestioneaz\u0103 serviciul public de transport local \u00een conformitate cu prevederile Legii serviciilor de transport public local Nr. 92\/ 2007,\u00a0 cu modific\u0103rile \u015fi complet\u0103rile ulterioare.<\/strong><\/p>\n<p>\n<\/div><div class=\"kc-elm kc-css-905002\" style=\"height: 30px; clear: both; width:100%;\"><\/div><div class=\"kc-elm kc-css-345167 kc_text_block\"><\/p>\n<p><strong>Aplica\u0163ia asigur\u0103 eviden\u0163a:<\/strong><\/p>\n<ul>\n<li>operatorilor de transport autoriza\u0163i;<\/li>\n<li>parcului auto operator, cu ata\u015fare de imagini;<\/li>\n<li>autoriza\u0163iilor de transport emise;<\/li>\n<li>copiilor conforme;<\/li>\n<li>licen\u0163elor de traseu;<\/li>\n<li>caietul de sarcini al licen\u0163ei de traseu;<\/li>\n<li>autoriza\u0163iilor taxi;<\/li>\n<li>dispeceratelor;<\/li>\n<li>contractelor de atribuire taxi;<\/li>\n<li>contractelor de atribuire \u00eenchiriere;<\/li>\n<li>coordonatorilor de transport\/ \u015fefilor coloan\u0103;<\/li>\n<li>cazierelor \u015foferilor.<\/li>\n<\/ul>\n<p>Se genereaz\u0103 automat registrele cerute de lege, se listeaz\u0103 toate documentele prev\u0103zute de lege: autoriza\u0163ii, copii conforme, licen\u0163e de traseu, caietul de sarcini al licen\u0163ei de traseu, autoriza\u0163ii taxi, contractelor de atribuire taxi, contractelor de atribuire \u00eenchiriere, acte adi\u0163ionale, notific\u0103ri, caziere \u015foferi etc. \u0219i alte situa\u021bii .<\/p>\n<p>Se gestioneaz\u0103 automat debitele aferente \u00een baza\u00a0 de impozite \u015fi taxe locale.<\/p>\n<p>\n<\/div><div class=\"kc-elm kc-css-814293\" style=\"height: 50px; clear: both; width:100%;\"><\/div><\/div><\/div><\/div><\/div><\/section>\n","protected":false},"excerpt":{"rendered":"","protected":false},"author":1,"featured_media":0,"parent":0,"menu_order":0,"comment_status":"closed","ping_status":"closed","template":"","meta":{"footnotes":""},"_links":{"self":[{"href":"https:\/\/indecosoft.ro\/site\/wp-json\/wp\/v2\/pages\/5828"}],"collection":[{"href":"https:\/\/indecosoft.ro\/site\/wp-json\/wp\/v2\/pages"}],"about":[{"href":"https:\/\/indecosoft.ro\/site\/wp-json\/wp\/v2\/types\/page"}],"author":[{"embeddable":true,"href":"https:\/\/indecosoft.ro\/site\/wp-json\/wp\/v2\/users\/1"}],"replies":[{"embeddable":true,"href":"https:\/\/indecosoft.ro\/site\/wp-json\/wp\/v2\/comments?post=5828"}],"version-history":[{"count":3,"href":"https:\/\/indecosoft.ro\/site\/wp-json\/wp\/v2\/pages\/5828\/revisions"}],"predecessor-version":[{"id":6625,"href":"https:\/\/indecosoft.ro\/site\/wp-json\/wp\/v2\/pages\/5828\/revisions\/6625"}],"wp:attachment":[{"href":"https:\/\/indecosoft.ro\/site\/wp-json\/wp\/v2\/media?parent=5828"}],"curies":[{"name":"wp","href":"https:\/\/api.w.org\/{rel}","templated":true}]}}