{"id":5808,"date":"2017-07-20T10:06:55","date_gmt":"2017-07-20T08:06:55","guid":{"rendered":"https:\/\/indecosoft.ro\/site\/?page_id=5808"},"modified":"2017-09-26T14:54:01","modified_gmt":"2017-09-26T12:54:01","slug":"invest","status":"publish","type":"page","link":"https:\/\/indecosoft.ro\/site\/invest\/","title":{"rendered":"Invest"},"content":{"rendered":"<section class=\"kc-elm kc-css-671464 kc_row\"><div class=\"kc-row-container  kc-container\"><div class=\"kc-wrap-columns\"><div class=\"kc-elm kc-css-831537 kc_col-sm-3 kc_column kc_col-sm-3\"><div class=\"kc-col-container\"><div class=\"kc-elm kc-css-271842 kc_shortcode kc_single_image\">\n\n        <img decoding=\"async\" src=\"https:\/\/www.indecosoft.ro\/site\/wp-content\/uploads\/2017\/07\/adp_invest-200x200xc.png\" class=\"\" alt=\"\" \/>    <\/div>\n<\/div><\/div><div class=\"kc-elm kc-css-536285 kc_col-sm-9 kc_column kc_col-sm-9\"><div class=\"kc-col-container\"><div class=\"kc-elm kc-css-340623\" style=\"height: 60px; clear: both; width:100%;\"><\/div>\n<div class=\"kc-elm kc-css-83153 kc-animated kc-animate-eff-fadeIn kc-animate-speed-3.5s kc-title-wrap \">\n\n\t<h1 class=\"kc_title\">Invest<\/h1>\n<\/div>\n<div class=\"kc-elm kc-css-334982\" style=\"height: 20px; clear: both; width:100%;\"><\/div><div class=\"kc-elm kc-css-198883 kc_text_block\"><\/p>\n<p><strong>Aplica\u0163ia\u00a0Invest\u00a0are ca scop gestionarea investi\u0163iilor prin urm\u0103rirea derul\u0103rii proiectelor care au ca scop realizarea obiectivelor investi\u0163iilor respectiv a achizi\u0163iilor aferente acestora.<\/strong><\/p>\n<p>\n<\/div><div class=\"kc-elm kc-css-561340\" style=\"height: 30px; clear: both; width:100%;\"><\/div><div class=\"kc-elm kc-css-782368 kc_text_block\"><\/p>\n<p>Modulul are \u00een centru lista obiectivelor de investi\u0163ii organizat\u0103 pe programe, cu posibilit\u0103\u0163i de filtrare \u015fi c\u0103utare pe criterii diverse: clasifica\u0163ie bugetar\u0103, surse de finan\u0163are, destina\u0163ie. Pentru fiecare obiectiv sunt stocate detalii privind:<\/p>\n<ul>\n<li>tipul de investi\u0163ie: de capital (achizi\u0163ii), de dezvoltare, programe de repara\u0163ii \u015fi \u00eentre\u0163inere, dot\u0103ri independente, alte investi\u0163ii;<\/li>\n<li>data \u00eenceperii, data finaliz\u0103rii \u2013 estimat\u0103 \u015fi realizat\u0103;<\/li>\n<li>costurile estimate respectiv realizate, defalcate pe surse de finan\u0163are.<\/li>\n<\/ul>\n<p>Structurarea investi\u0163iilor \u00een acord cu clasifica\u0163ia bugetar\u0103 asigur\u0103 automatizarea calculului costurilor realizate pentru o investi\u0163ie odat\u0103 cu evolu\u0163ia execu\u0163iei bugetare. De asemenea pentru investi\u0163iile care fac obiectul unor proiecte se pot urm\u0103ri:<\/p>\n<ul>\n<li>fazele proiectului;<\/li>\n<li>contractele aferente fiec\u0103rei faze;<\/li>\n<li>devizele \u015fi situa\u0163iile de lucr\u0103ri.<\/li>\n<\/ul>\n<p>Rapoartele standard ale modulului constituie un suport pentru analize sintetice \u015fi detaliate referitoare la investi\u0163iile gestionate de sistem.<\/p>\n<p>\n<\/div><div class=\"kc-elm kc-css-515482\" style=\"height: 50px; clear: both; width:100%;\"><\/div><\/div><\/div><\/div><\/div><\/section>\n","protected":false},"excerpt":{"rendered":"","protected":false},"author":1,"featured_media":0,"parent":0,"menu_order":0,"comment_status":"closed","ping_status":"closed","template":"","meta":{"footnotes":""},"_links":{"self":[{"href":"https:\/\/indecosoft.ro\/site\/wp-json\/wp\/v2\/pages\/5808"}],"collection":[{"href":"https:\/\/indecosoft.ro\/site\/wp-json\/wp\/v2\/pages"}],"about":[{"href":"https:\/\/indecosoft.ro\/site\/wp-json\/wp\/v2\/types\/page"}],"author":[{"embeddable":true,"href":"https:\/\/indecosoft.ro\/site\/wp-json\/wp\/v2\/users\/1"}],"replies":[{"embeddable":true,"href":"https:\/\/indecosoft.ro\/site\/wp-json\/wp\/v2\/comments?post=5808"}],"version-history":[{"count":2,"href":"https:\/\/indecosoft.ro\/site\/wp-json\/wp\/v2\/pages\/5808\/revisions"}],"predecessor-version":[{"id":6589,"href":"https:\/\/indecosoft.ro\/site\/wp-json\/wp\/v2\/pages\/5808\/revisions\/6589"}],"wp:attachment":[{"href":"https:\/\/indecosoft.ro\/site\/wp-json\/wp\/v2\/media?parent=5808"}],"curies":[{"name":"wp","href":"https:\/\/api.w.org\/{rel}","templated":true}]}}