{"id":5771,"date":"2017-07-20T09:09:57","date_gmt":"2017-07-20T07:09:57","guid":{"rendered":"https:\/\/indecosoft.ro\/site\/?page_id=5771"},"modified":"2017-09-26T14:40:26","modified_gmt":"2017-09-26T12:40:26","slug":"impotax","status":"publish","type":"page","link":"https:\/\/indecosoft.ro\/site\/impotax\/","title":{"rendered":"Impotax"},"content":{"rendered":"<section class=\"kc-elm kc-css-672216 kc_row\"><div class=\"kc-row-container  kc-container\"><div class=\"kc-wrap-columns\"><div class=\"kc-elm kc-css-421848 kc_col-sm-3 kc_column kc_col-sm-3\"><div class=\"kc-col-container\"><div class=\"kc-elm kc-css-876014 kc_shortcode kc_single_image\">\n\n        <img decoding=\"async\" src=\"https:\/\/www.indecosoft.ro\/site\/wp-content\/uploads\/2017\/07\/impozite-200x200xc.png\" class=\"\" alt=\"\" \/>    <\/div>\n<\/div><\/div><div class=\"kc-elm kc-css-361460 kc_col-sm-9 kc_column kc_col-sm-9\"><div class=\"kc-col-container\"><div class=\"kc-elm kc-css-753527\" style=\"height: 60px; clear: both; width:100%;\"><\/div>\n<div class=\"kc-elm kc-css-368621 kc-animated kc-animate-eff-fadeIn kc-animate-speed-3.5s kc-title-wrap \">\n\n\t<h1 class=\"kc_title\">Impotax<\/h1>\n<\/div>\n<div class=\"kc-elm kc-css-840070\" style=\"height: 20px; clear: both; width:100%;\"><\/div><div class=\"kc-elm kc-css-590214 kc_text_block\"><\/p>\n<p><strong>Impotax\u00a0este un sistem informatic destinat administr\u0103rii impozitelor \u015fi taxelor aferente bugetului local. Proiectat \u00een acord cu legisla\u021bia \u0219i normele \u00een vigoare, sistemul permite prin configurare adaptarea la specificul local.<\/strong><\/p>\n<p>\n<\/div><div class=\"kc-elm kc-css-271122\" style=\"height: 30px; clear: both; width:100%;\"><\/div><div class=\"kc-elm kc-css-263112 kc_text_block\"><\/p>\n<p>Sistemul Impotax func\u021bioneaz\u0103 integrat cu Sistemul Na\u021bional Electronic de Pl\u0103\u021bi (SNEP) implement\u00e2nd toate fluxurile de schimb de date \u0219i decontare aferente \u00eencas\u0103rilor prin platforma na\u021bional\u0103, incluz\u00e2nd \u00een acest fel facilitatea de plat\u0103 cu cardul prin internet.<\/p>\n<p>\n<\/div><div class=\"kc-elm kc-css-317214\" style=\"height: 30px; clear: both; width:100%;\"><\/div><div class=\"kc-elm kc-css-59156 kc_text_block\"><\/p>\n<p><strong>Func\u0163iilor principale ale sistemului sunt:<\/strong><\/p>\n<ul>\n<li>eviden\u0163a obiectelor \u015fi a materiei impozabile: cl\u0103diri, terenuri, mijloace de transport \u015fi alte bunuri sau obiecte impozabile, cu p\u0103strarea istoricului pentru cel pu\u021bin 5 ani;<\/li>\n<li>eviden\u0163a contribuabililor, persoane fizice \u015fi persoane juridice, \u00een str\u00e2ns\u0103 leg\u0103tur\u0103 cu nomenclatura stradal\u0103 unic\u0103 a localit\u0103\u0163ii;<\/li>\n<li>gestiunea rela\u0163iei fiscale cu fiecare contribuabil prin intermediul unui cont unic (sau rol unic) care consolideaz\u0103 toate obliga\u0163iile de plat\u0103, pl\u0103\u0163ile, obiectele impozabile atribuite, soldul, extrasul de cont, etc.<\/li>\n<li>instituirea tuturor tipurilor de crean\u0163e (debite) pe baza materiei impozabile luate \u00een eviden\u0163\u0103, conform legii;<\/li>\n<li>stabilirea impozitului majorat pentru contribuabilii cu mai multe propriet\u0103\u021bi, integrat cu Registrul Electronic Central pentru Administra\u021biile Locale (RECAL);<\/li>\n<li>gestiunea major\u0103rilor, scutirilor sau facilit\u0103\u0163ilor, pentru fiecare contribuabil \u00een parte \u00een func\u0163ie de \u00eencadrarea \u00een anumite categorii;<\/li>\n<li>\u00eenregistrarea, procesarea \u015fi eviden\u0163a pl\u0103\u0163ilor efectuate de contribuabili \u015fi a efectului acestora asupra crean\u0163elor, at\u00e2t prin casieriile prim\u0103riei, c\u00e2t \u015fi prin mecanisme alternative de plat\u0103 (ordin de plat\u0103, POS) sau prin ter\u0163i parteneri;<\/li>\n<li>\u00eenregistrarea \u015fi eviden\u0163a altor crean\u0163e bugetare de tipul amenzilor sau a taxelor ocazionale, precum \u015fi a pl\u0103\u0163ilor \u015fi a efectului acestora;<\/li>\n<li>procesarea \u015fi emiterea de informa\u0163ii-suport pentru managementul activit\u0103\u0163ii fiscale;<\/li>\n<li>arhivarea \u015fi dezarhivarea datelor privind eviden\u0163a fiscal\u0103 din anii anteriori, deschiderea \u015fi \u00eenchiderea eviden\u0163elor fiscale pentru un an;<\/li>\n<li>monitorizarea \u015fi analiza activit\u0103\u0163ii utilizatorilor aplica\u0163iei;<\/li>\n<li>eviden\u0163a contabil\u0103 a veniturilor, generarea \u00eenregistr\u0103rilor contabile \u00een conformitate cu normele metodologice stabilite de c\u0103tre Ministerul Finan\u021belor;<\/li>\n<li>gestiunea activit\u0103\u0163ii de urm\u0103rire \u015fi executare silit\u0103 a crean\u0163elor;<\/li>\n<li>fundamentarea bugetului cu posibilit\u0103\u0163i de parametrizare;<\/li>\n<li>editarea \u015fi configurarea rapoartelor pentru a r\u0103spunde unor cerin\u0163e particulare, prin intermediul generatorului de rapoarte;<\/li>\n<li>informarea \u015fi comunicarea cu contribuabilul, emiterea \u015fi gestiunea \u00eenscrisurilor adresate contribuabilului: certificate fiscale, \u00een\u015ftiin\u0163\u0103ri de plat\u0103, soma\u0163ii, procese verbale de impunere.<\/li>\n<\/ul>\n<p><strong>Module asociate sistemului Impotax:<\/strong><\/p>\n<ul>\n<li style=\"list-style-type: none;\">\n<ul>\n<li>e-Impotax \u2013 consultarea \u015fi plata electronic\u0103 a impozitelor;<\/li>\n<li>Impotax-p \u2013 folosirea resurselor unor ter\u0163i parteneri (Po\u015ft\u0103, CEC, RAR) pentru procesarea \u015fi eviden\u0163a pl\u0103\u0163ilor;<\/li>\n<li>Robot \u2013 genereaz\u0103 informa\u021bii pentru raportarea telefonic\u0103 a soldurilor de plat\u0103<\/li>\n<\/ul>\n<\/li>\n<\/ul>\n<p>Impotax este integrat \u00een suita aplica\u021biilor IndecoSoft cu sistemele GeCon (Gestiune Contracte), Autoriza\u0163ii \u0219i Contab (Contabilitatea veniturilor), CID, Agroregis, Cassa, Urbanism.<\/p>\n<p>\n<\/div><div class=\"kc-elm kc-css-175116\" style=\"height: 50px; clear: both; width:100%;\"><\/div><\/div><\/div><\/div><\/div><\/section>\n","protected":false},"excerpt":{"rendered":"","protected":false},"author":1,"featured_media":0,"parent":0,"menu_order":0,"comment_status":"closed","ping_status":"closed","template":"","meta":{"footnotes":""},"_links":{"self":[{"href":"https:\/\/indecosoft.ro\/site\/wp-json\/wp\/v2\/pages\/5771"}],"collection":[{"href":"https:\/\/indecosoft.ro\/site\/wp-json\/wp\/v2\/pages"}],"about":[{"href":"https:\/\/indecosoft.ro\/site\/wp-json\/wp\/v2\/types\/page"}],"author":[{"embeddable":true,"href":"https:\/\/indecosoft.ro\/site\/wp-json\/wp\/v2\/users\/1"}],"replies":[{"embeddable":true,"href":"https:\/\/indecosoft.ro\/site\/wp-json\/wp\/v2\/comments?post=5771"}],"version-history":[{"count":2,"href":"https:\/\/indecosoft.ro\/site\/wp-json\/wp\/v2\/pages\/5771\/revisions"}],"predecessor-version":[{"id":6561,"href":"https:\/\/indecosoft.ro\/site\/wp-json\/wp\/v2\/pages\/5771\/revisions\/6561"}],"wp:attachment":[{"href":"https:\/\/indecosoft.ro\/site\/wp-json\/wp\/v2\/media?parent=5771"}],"curies":[{"name":"wp","href":"https:\/\/api.w.org\/{rel}","templated":true}]}}