{"id":5756,"date":"2017-07-20T08:51:12","date_gmt":"2017-07-20T06:51:12","guid":{"rendered":"https:\/\/indecosoft.ro\/site\/?page_id=5756"},"modified":"2017-09-26T14:53:04","modified_gmt":"2017-09-26T12:53:04","slug":"situatii-personal","status":"publish","type":"page","link":"https:\/\/indecosoft.ro\/site\/situatii-personal\/","title":{"rendered":"Situa\u021bii Personal"},"content":{"rendered":"<section class=\"kc-elm kc-css-671886 kc_row\"><div class=\"kc-row-container  kc-container\"><div class=\"kc-wrap-columns\"><div class=\"kc-elm kc-css-837817 kc_col-sm-3 kc_column kc_col-sm-3\"><div class=\"kc-col-container\"><div class=\"kc-elm kc-css-260928 kc_shortcode kc_single_image\">\n\n        <img decoding=\"async\" src=\"https:\/\/www.indecosoft.ro\/site\/wp-content\/uploads\/2017\/07\/logo_situatii-200x200xc.png\" class=\"\" alt=\"\" \/>    <\/div>\n<\/div><\/div><div class=\"kc-elm kc-css-290169 kc_col-sm-9 kc_column kc_col-sm-9\"><div class=\"kc-col-container\"><div class=\"kc-elm kc-css-485714\" style=\"height: 60px; clear: both; width:100%;\"><\/div>\n<div class=\"kc-elm kc-css-95078 kc-animated kc-animate-eff-fadeIn kc-animate-speed-3.5s kc-title-wrap \">\n\n\t<h1 class=\"kc_title\">Situa\u021bii Personal<\/h1>\n<\/div>\n<div class=\"kc-elm kc-css-583042\" style=\"height: 20px; clear: both; width:100%;\"><\/div><div class=\"kc-elm kc-css-432651 kc_text_block\"><\/p>\n<p><strong>Modulul\u00a0Situa\u021bii personal\u00a0este un instrument software util pentru \u00eentocmirea documentelor necesare monitoriz\u0103rii cheltuielilor de personal, lunar sau trimestrial, prin centralizarea datelor din contabilitate \u015fi execu\u0163ia bugetar\u0103 \u015fi prezentarea acestora \u00een conformitate cu normele \u00een vigoare.<\/strong><\/p>\n<p>\n<\/div><div class=\"kc-elm kc-css-450625\" style=\"height: 30px; clear: both; width:100%;\"><\/div><div class=\"kc-elm kc-css-812421 kc_text_block\"><\/p>\n<p><strong>Conceput \u00eentr-o manier\u0103 care simplific\u0103 mult operarea, programul permite:<\/strong><\/p>\n<p>&#8211;\u00a0\u00a0\u00a0\u00a0\u00a0 configurarea formularelor \u00een acord cu specifica\u0163iile legislative de ultim\u0103 or\u0103, prin modificare direct\u0103 sau import (dischet\u0103, internet);<\/p>\n<p>&#8211;\u00a0\u00a0\u00a0\u00a0\u00a0 transferul datelor din execu\u0163ia bugetar\u0103 respectiv balan\u0163e contabile pentru completarea formularelor;<\/p>\n<p>&#8211;\u00a0\u00a0\u00a0\u00a0\u00a0 configurarea sursei \u015fi procedurii de preluare a datelor;<\/p>\n<p>&#8211;\u00a0\u00a0\u00a0\u00a0\u00a0 gestionarea mai multor unit\u0103\u0163i \u015fi subunit\u0103\u0163i organizate ierarhic pe structura clasifica\u0163iei bugetare;<\/p>\n<p>&#8211;\u00a0\u00a0\u00a0\u00a0\u00a0 export \u015fi import date \u00een format electronic (xls \u015fi dbf, inclusiv formatul pentru Direc\u0163iile Finan\u0163elor Publice);<\/p>\n<p>&#8211;\u00a0\u00a0\u00a0\u00a0\u00a0 centralizarea datelor de la institu\u0163ii \u00een vederea raport\u0103rii la nivelul unit\u0103\u0163ilor administrativ-teritoriale;<\/p>\n<p>&#8211;\u00a0\u00a0\u00a0\u00a0\u00a0 listarea documentelor \u00een formatul impus de norme.<\/p>\n<p>\n<\/div><div class=\"kc-elm kc-css-752682\" style=\"height: 50px; clear: both; width:100%;\"><\/div><\/div><\/div><\/div><\/div><\/section>\n","protected":false},"excerpt":{"rendered":"","protected":false},"author":1,"featured_media":0,"parent":0,"menu_order":0,"comment_status":"closed","ping_status":"closed","template":"","meta":{"footnotes":""},"_links":{"self":[{"href":"https:\/\/indecosoft.ro\/site\/wp-json\/wp\/v2\/pages\/5756"}],"collection":[{"href":"https:\/\/indecosoft.ro\/site\/wp-json\/wp\/v2\/pages"}],"about":[{"href":"https:\/\/indecosoft.ro\/site\/wp-json\/wp\/v2\/types\/page"}],"author":[{"embeddable":true,"href":"https:\/\/indecosoft.ro\/site\/wp-json\/wp\/v2\/users\/1"}],"replies":[{"embeddable":true,"href":"https:\/\/indecosoft.ro\/site\/wp-json\/wp\/v2\/comments?post=5756"}],"version-history":[{"count":2,"href":"https:\/\/indecosoft.ro\/site\/wp-json\/wp\/v2\/pages\/5756\/revisions"}],"predecessor-version":[{"id":6587,"href":"https:\/\/indecosoft.ro\/site\/wp-json\/wp\/v2\/pages\/5756\/revisions\/6587"}],"wp:attachment":[{"href":"https:\/\/indecosoft.ro\/site\/wp-json\/wp\/v2\/media?parent=5756"}],"curies":[{"name":"wp","href":"https:\/\/api.w.org\/{rel}","templated":true}]}}