{"id":5751,"date":"2017-07-20T08:44:32","date_gmt":"2017-07-20T06:44:32","guid":{"rendered":"https:\/\/indecosoft.ro\/site\/?page_id=5751"},"modified":"2017-09-26T14:38:15","modified_gmt":"2017-09-26T12:38:15","slug":"facturi","status":"publish","type":"page","link":"https:\/\/indecosoft.ro\/site\/facturi\/","title":{"rendered":"Facturi"},"content":{"rendered":"<section class=\"kc-elm kc-css-856724 kc_row\"><div class=\"kc-row-container  kc-container\"><div class=\"kc-wrap-columns\"><div class=\"kc-elm kc-css-918276 kc_col-sm-3 kc_column kc_col-sm-3\"><div class=\"kc-col-container\"><div class=\"kc-elm kc-css-934617 kc_shortcode kc_single_image\">\n\n        <img decoding=\"async\" src=\"https:\/\/www.indecosoft.ro\/site\/wp-content\/uploads\/2017\/07\/logo_facturi-200x200xc.png\" class=\"\" alt=\"\" \/>    <\/div>\n<\/div><\/div><div class=\"kc-elm kc-css-408156 kc_col-sm-9 kc_column kc_col-sm-9\"><div class=\"kc-col-container\"><div class=\"kc-elm kc-css-157318\" style=\"height: 60px; clear: both; width:100%;\"><\/div>\n<div class=\"kc-elm kc-css-716595 kc-animated kc-animate-eff-fadeIn kc-animate-speed-3.5s kc-title-wrap \">\n\n\t<h1 class=\"kc_title\">Facturi<\/h1>\n<\/div>\n<div class=\"kc-elm kc-css-269573\" style=\"height: 20px; clear: both; width:100%;\"><\/div><div class=\"kc-elm kc-css-377494 kc_text_block\"><\/p>\n<div class=\"row-fluid\"><strong>Aplica\u0163ia se adreseaz\u0103 unit\u0103\u0163ilor bugetare \u015fi se recomand\u0103 ca un instrument util \u00een activitatea serviciilor de contabilitate pentru a introduce \u015fi pentru a lista facturi.<\/strong><\/div>\n<p>\n<\/div><div class=\"kc-elm kc-css-14220\" style=\"height: 30px; clear: both; width:100%;\"><\/div><div class=\"kc-elm kc-css-714111 kc_text_block\"><\/p>\n<p>Programul face parte dintr-un pachet de aplica\u0163ii, put\u00e2nd func\u0163iona at\u00e2t independent c\u00e2t \u015fi \u00een leg\u0103tura cu programul de Contabilitate bugetar\u0103, unde se vor genera \u00eenregistr\u0103rile contabile aferente facturilor.<\/p>\n<p>\n<\/div><div class=\"kc-elm kc-css-264683\" style=\"height: 50px; clear: both; width:100%;\"><\/div><\/div><\/div><\/div><\/div><\/section>\n","protected":false},"excerpt":{"rendered":"","protected":false},"author":1,"featured_media":0,"parent":0,"menu_order":0,"comment_status":"closed","ping_status":"closed","template":"","meta":{"footnotes":""},"_links":{"self":[{"href":"https:\/\/indecosoft.ro\/site\/wp-json\/wp\/v2\/pages\/5751"}],"collection":[{"href":"https:\/\/indecosoft.ro\/site\/wp-json\/wp\/v2\/pages"}],"about":[{"href":"https:\/\/indecosoft.ro\/site\/wp-json\/wp\/v2\/types\/page"}],"author":[{"embeddable":true,"href":"https:\/\/indecosoft.ro\/site\/wp-json\/wp\/v2\/users\/1"}],"replies":[{"embeddable":true,"href":"https:\/\/indecosoft.ro\/site\/wp-json\/wp\/v2\/comments?post=5751"}],"version-history":[{"count":3,"href":"https:\/\/indecosoft.ro\/site\/wp-json\/wp\/v2\/pages\/5751\/revisions"}],"predecessor-version":[{"id":6555,"href":"https:\/\/indecosoft.ro\/site\/wp-json\/wp\/v2\/pages\/5751\/revisions\/6555"}],"wp:attachment":[{"href":"https:\/\/indecosoft.ro\/site\/wp-json\/wp\/v2\/media?parent=5751"}],"curies":[{"name":"wp","href":"https:\/\/api.w.org\/{rel}","templated":true}]}}