{"id":5532,"date":"2017-07-18T12:34:05","date_gmt":"2017-07-18T10:34:05","guid":{"rendered":"https:\/\/indecosoft.ro\/site\/?page_id=5532"},"modified":"2017-10-06T07:31:35","modified_gmt":"2017-10-06T05:31:35","slug":"gestsql","status":"publish","type":"page","link":"https:\/\/indecosoft.ro\/site\/gestsql\/","title":{"rendered":"GestSql"},"content":{"rendered":"<p><section class=\"kc-elm kc-css-756961 kc_row\"><div class=\"kc-row-container  kc-container\"><div class=\"kc-wrap-columns\"><div class=\"kc-elm kc-css-949574 kc_col-sm-6 kc_column kc_col-sm-6\"><div class=\"kc-col-container\"><div class=\"kc-elm kc-css-71525\" style=\"height: 50px; clear: both; width:100%;\"><\/div><div class=\"kc-elm kc-css-224302 kc_shortcode kc_single_image\">\n\n        <img decoding=\"async\" src=\"https:\/\/www.indecosoft.ro\/site\/wp-content\/uploads\/2017\/07\/gestsql-250x250xc.jpg\" class=\"\" alt=\"\" \/>    <\/div>\n<div class=\"kc-elm kc-css-396829\" style=\"height: 50px; clear: both; width:100%;\"><\/div>\n<div class=\"kc-elm kc-css-757772\">\n\t<a class=\"kc_button\" href=\"https:\/\/indecosoft.ro\/site\/servicii\/agenti-economici\/\" target=\"_self\" title=\"\" onclick=\"\">\n\t\tDescarc\u00e3 aplica\u021bia  <i class=\"fa-download\"><\/i>\t<\/a>\n<\/div>\n<div class=\"kc-elm kc-css-638346\" style=\"height: 50px; clear: both; width:100%;\"><\/div><div class=\"kc-elm kc-css-919947 kc_text_block\"><\/p>\n<p><strong>Furnizeaz\u0103 rapoarte specifice:<\/strong><\/p>\n<ul>\n<li>centralizatoare \u015fi desf\u0103\u015fur\u0103toare pentru toate documentele editabile;<\/li>\n<li>situa\u0163ia intr\u0103rilor \/ ie\u015firilor (detaliat sau centralizat);<\/li>\n<li>liste de inventariere, balan\u0163e, fi\u015fe de magazie, fi\u015fe de cont analitic pentru valori materiale, stocuri zilnice, etc.<\/li>\n<li>lista v\u00e2nz\u0103rilor adaos\/discount;<\/li>\n<\/ul>\n<p>\n<\/div><\/div><\/div><div class=\"kc-elm kc-css-543626 kc_col-sm-6 kc_column kc_col-sm-6\"><div class=\"kc-col-container\"><div class=\"kc-elm kc-css-291728\" style=\"height: 50px; clear: both; width:100%;\"><\/div>\n<div class=\"kc-elm kc-css-556094 kc-animated kc-animate-eff-fadeIn kc-animate-speed-3.5s kc-title-wrap \">\n\n\t<h1 class=\"kc_title\">GestSql<\/h1>\n<\/div>\n<div class=\"kc-elm kc-css-312499 kc_text_block\"><\/p>\n<p><strong>Aplica\u0163ia\u00a0<em>GestSql<\/em>\u00a0este utilizat\u0103 pentru gestionarea stocurilor de materiale, produse finite, precum \u015fi pentru eviden\u0163a obiectelor de inventar pe magazii \u015fi gestiuni.<\/strong><\/p>\n<p>\n<\/div><div class=\"kc-elm kc-css-435331\" style=\"height: 30px; clear: both; width:100%;\"><\/div><div class=\"kc-elm kc-css-34365 kc_text_block\"><\/p>\n<p><strong>Programul permite:<\/strong><\/p>\n<ul>\n<li>gestionarea materialelor, obiectelor de inventar \u0219i a altor valori, pe baza \u00eenregistr\u0103rii mi\u0219c\u0103rilor (intr\u0103ri\/ie\u015firi), cantitativ \u015fi valoric, cu actualizarea \u00een timp real a stocurilor;<\/li>\n<li>editarea \u0219i listarea documentelor, \u00een conformitate cu actele normative aplicabile: note de recep\u021bie, bonuri de consum \/ casare \/ ie\u0219ire, bonuri de transfer, etc.<\/li>\n<li>implementarea de nomenclatoare: tipuri de produse, furnizori, consumatori, comisii;<\/li>\n<li>completarea rapoartelor de produc\u021bie, \u00eenregistrarea comenzilor, cu posibilitatea list\u0103rii acestora;<\/li>\n<\/ul>\n<p>\n<\/div><div class=\"kc-elm kc-css-652314\" style=\"height: 30px; clear: both; width:100%;\"><\/div><div class=\"kc-elm kc-css-218958 kc_text_block\"><\/p>\n<div><strong>Aplica\u021bia con\u021bine \u0219i un submodul destinat gestion\u0103rii service-ului auto.<\/strong><\/div>\n<div><strong>Rezultatul opera\u021biunilor se vor \u00eenregistra automat \u00een contabilitate.<\/strong><\/div>\n<p>\n<\/div><\/div><\/div><\/div><\/div><\/section><section class=\"kc-elm kc-css-139058 kc_row\"><div class=\"kc-row-container  kc-container\"><div class=\"kc-wrap-columns\"><div class=\"kc-elm kc-css-978589 kc_col-sm-12 kc_column kc_col-sm-12\"><div class=\"kc-col-container\"><div class=\"kc-elm kc-css-986019\" style=\"height: 20px; clear: both; width:100%;\"><\/div><div class=\"kc-image-gallery kc-elm kc-css-919424\"><h3 class=\"kc-title image-gallery-title\">Imagini<\/h3>\n<div class=\"kc_image_gallery kc-carousel-image kc-grid \" data-image_masonry=\"yes\">\n<div class=\"item-grid grid-4\"><a href=\"https:\/\/www.indecosoft.ro\/site\/wp-content\/uploads\/2011\/12\/apGestiune1.png\" target=\"_blank\"><img decoding=\"async\" src=\"https:\/\/www.indecosoft.ro\/site\/wp-content\/uploads\/2011\/12\/apGestiune1-250x250xc.png\" alt=\"\"\/><\/a><\/div><div class=\"item-grid grid-4\"><a href=\"https:\/\/www.indecosoft.ro\/site\/wp-content\/uploads\/2011\/12\/apGestiune2.png\" target=\"_blank\"><img decoding=\"async\" src=\"https:\/\/www.indecosoft.ro\/site\/wp-content\/uploads\/2011\/12\/apGestiune2-250x250xc.png\" alt=\"\"\/><\/a><\/div><div class=\"item-grid grid-4\"><a href=\"https:\/\/www.indecosoft.ro\/site\/wp-content\/uploads\/2011\/12\/apGestiune3.png\" target=\"_blank\"><img decoding=\"async\" src=\"https:\/\/www.indecosoft.ro\/site\/wp-content\/uploads\/2011\/12\/apGestiune3-250x250xc.png\" alt=\"\"\/><\/a><\/div><div class=\"item-grid grid-4\"><a href=\"https:\/\/www.indecosoft.ro\/site\/wp-content\/uploads\/2011\/12\/apGestiune4.png\" target=\"_blank\"><img decoding=\"async\" src=\"https:\/\/www.indecosoft.ro\/site\/wp-content\/uploads\/2011\/12\/apGestiune4-250x250xc.png\" alt=\"\"\/><\/a><\/div><\/div>\n<\/div><div class=\"kc-elm kc-css-223394\" style=\"height: 70px; clear: both; width:100%;\"><\/div><\/div><\/div><\/div><\/div><\/section><\/p>\n","protected":false},"excerpt":{"rendered":"","protected":false},"author":1,"featured_media":0,"parent":0,"menu_order":0,"comment_status":"closed","ping_status":"closed","template":"","meta":{"footnotes":""},"_links":{"self":[{"href":"https:\/\/indecosoft.ro\/site\/wp-json\/wp\/v2\/pages\/5532"}],"collection":[{"href":"https:\/\/indecosoft.ro\/site\/wp-json\/wp\/v2\/pages"}],"about":[{"href":"https:\/\/indecosoft.ro\/site\/wp-json\/wp\/v2\/types\/page"}],"author":[{"embeddable":true,"href":"https:\/\/indecosoft.ro\/site\/wp-json\/wp\/v2\/users\/1"}],"replies":[{"embeddable":true,"href":"https:\/\/indecosoft.ro\/site\/wp-json\/wp\/v2\/comments?post=5532"}],"version-history":[{"count":14,"href":"https:\/\/indecosoft.ro\/site\/wp-json\/wp\/v2\/pages\/5532\/revisions"}],"predecessor-version":[{"id":6982,"href":"https:\/\/indecosoft.ro\/site\/wp-json\/wp\/v2\/pages\/5532\/revisions\/6982"}],"wp:attachment":[{"href":"https:\/\/indecosoft.ro\/site\/wp-json\/wp\/v2\/media?parent=5532"}],"curies":[{"name":"wp","href":"https:\/\/api.w.org\/{rel}","templated":true}]}}