{"id":350,"date":"2011-12-12T13:51:30","date_gmt":"2011-12-12T11:51:30","guid":{"rendered":"https:\/\/indecosoft.ro\/site\/?page_id=350"},"modified":"2017-10-09T09:02:41","modified_gmt":"2017-10-09T07:02:41","slug":"echipa","status":"publish","type":"page","link":"https:\/\/indecosoft.ro\/site\/despre-noi\/echipa\/","title":{"rendered":"Echipa"},"content":{"rendered":"<section class=\"kc-elm kc-css-797815 kc_row\"><div class=\"kc-row-container  kc-container\"><div class=\"kc-wrap-columns\"><div class=\"kc-elm kc-css-103082 kc_col-sm-12 kc_column kc_col-sm-12\"><div class=\"kc-col-container\"><div class=\"kc-elm kc-css-903895 kc_shortcode kc_single_image\">\n\n        <img decoding=\"async\" src=\"https:\/\/www.indecosoft.ro\/site\/wp-content\/uploads\/2011\/12\/team-1024x327.jpg\" class=\"\" alt=\"\" \/>    <\/div>\n<div class=\"kc-elm kc-css-267332\" style=\"height: 50px; clear: both; width:100%;\"><\/div>\n<div class=\"kc-elm kc-css-446239 kc-animated kc-animate-eff-bounceInRight kc-animate-delay-500 kc-animate-speed-3.5s kc-title-wrap \">\n\n\t<h5 class=\"kc_title\">Echipa<\/h5>\n<\/div>\n<div class=\"kc-elm kc-css-422935\" style=\"height: 50px; clear: both; width:100%;\"><\/div><div class=\"kc-elm kc-css-143657 kc_text_block\"><\/p>\n<p>Suntem o echip\u0103 t\u00e2n\u0103r\u0103 format\u0103 din peste 100 de persoane, angaja\u021bi \u0219i colaboratori, deschise la comunicare, fiecare persoan\u0103 fiind instruit\u0103 pentru munca pe care o presteaz\u0103 cu consecven\u021b\u0103 \u0219i profesionalism.<\/p>\n<p style=\"text-align: justify;\">Structura de personal a companiei noastre este alcatuit\u0103 din departamente specializate, cum ar fi departamentul de business-suport, departamentul de programare, departamentul de testare, departamentul de dezvoltare, departametul de v\u00e2nz\u0103ri \u0219i servicii.<\/p>\n<p style=\"text-align: justify;\">Acest tip de organizare ne ofer\u0103 o perspectiv\u0103 mai bun\u0103 asupra a ceea ce trebuie s\u0103 facem, \u0219i ne ajut\u0103 s\u0103 facem o distinc\u021bie clar\u0103 \u00eentre diferitele activit\u0103\u021bi implicate \u00een dezvoltarea \u0219i implementarea de produse software.<\/p>\n<p style=\"text-align: justify;\"><strong>Echipa Indeco Soft\u00a0este format\u0103 din:<\/strong><\/p>\n<ul>\n<li style=\"text-align: justify;\">Management<\/li>\n<li style=\"text-align: justify;\">Departamentul de programare<\/li>\n<li style=\"text-align: justify;\">Departamentul de testare \u0219i suport<\/li>\n<li style=\"text-align: justify;\">Departamentul de dezvoltare<\/li>\n<li style=\"text-align: justify;\">Departamentul de v\u00e2nz\u0103ri \u0219i servicii<\/li>\n<li style=\"text-align: justify;\">Departamentul de business support<\/li>\n<li style=\"text-align: justify;\">Departamentul economic-administrativ<\/li>\n<li style=\"text-align: justify;\">Colaboratori<br \/>\n<h3><\/h3>\n<\/li>\n<\/ul>\n<p>\n<\/div><div class=\"kc-elm kc-css-242801\" style=\"height: 50px; clear: both; width:100%;\"><\/div><\/div><\/div><\/div><\/div><\/section>\n","protected":false},"excerpt":{"rendered":"","protected":false},"author":1,"featured_media":0,"parent":268,"menu_order":0,"comment_status":"closed","ping_status":"closed","template":"","meta":{"footnotes":""},"_links":{"self":[{"href":"https:\/\/indecosoft.ro\/site\/wp-json\/wp\/v2\/pages\/350"}],"collection":[{"href":"https:\/\/indecosoft.ro\/site\/wp-json\/wp\/v2\/pages"}],"about":[{"href":"https:\/\/indecosoft.ro\/site\/wp-json\/wp\/v2\/types\/page"}],"author":[{"embeddable":true,"href":"https:\/\/indecosoft.ro\/site\/wp-json\/wp\/v2\/users\/1"}],"replies":[{"embeddable":true,"href":"https:\/\/indecosoft.ro\/site\/wp-json\/wp\/v2\/comments?post=350"}],"version-history":[{"count":12,"href":"https:\/\/indecosoft.ro\/site\/wp-json\/wp\/v2\/pages\/350\/revisions"}],"predecessor-version":[{"id":7041,"href":"https:\/\/indecosoft.ro\/site\/wp-json\/wp\/v2\/pages\/350\/revisions\/7041"}],"up":[{"embeddable":true,"href":"https:\/\/indecosoft.ro\/site\/wp-json\/wp\/v2\/pages\/268"}],"wp:attachment":[{"href":"https:\/\/indecosoft.ro\/site\/wp-json\/wp\/v2\/media?parent=350"}],"curies":[{"name":"wp","href":"https:\/\/api.w.org\/{rel}","templated":true}]}}