{"id":339,"date":"2011-12-12T13:25:24","date_gmt":"2011-12-12T11:25:24","guid":{"rendered":"https:\/\/indecosoft.ro\/site\/?page_id=339"},"modified":"2019-04-23T11:14:49","modified_gmt":"2019-04-23T09:14:49","slug":"premii-si-distinctii","status":"publish","type":"page","link":"https:\/\/indecosoft.ro\/site\/despre-noi\/premii-si-distinctii\/","title":{"rendered":"Premii \u0219i Distinc\u021bii"},"content":{"rendered":"<p><section class=\"kc-elm kc-css-656982 kc_row\"><div class=\"kc-row-container  kc-container\"><div class=\"kc-wrap-columns\"><div class=\"kc-elm kc-css-253430 kc_col-sm-12 kc_column kc_col-sm-12\"><div class=\"kc-col-container\"><div class=\"kc-elm kc-css-640152\" style=\"height: 50px; clear: both; width:100%;\"><\/div>\n<div class=\"kc-elm kc-css-324120 kc-animated kc-animate-eff-bounceInRight kc-animate-delay-500 kc-animate-speed-3.5s kc-title-wrap \">\n\n\t<h5 class=\"kc_title\">Premii \u0219i Distinc\u021bii<\/h5>\n<\/div>\n<div class=\"kc-elm kc-css-637246\" style=\"height: 50px; clear: both; width:100%;\"><\/div><\/div><\/div><\/div><\/div><\/section><section class=\"kc-elm kc-css-481414 kc_row\"><div class=\"kc-row-container  kc-container\"><div class=\"kc-wrap-columns\"><div class=\"kc-elm kc-css-601569 kc_col-sm-6 kc_column kc_col-sm-6\"><div class=\"kc-col-container\"><div class=\"kc-elm kc-css-366966 kc_text_block\"><\/p>\n<h3><a href=\"https:\/\/indecosoft.ro\/site\/wp-content\/uploads\/2019\/04\/20190411_112840.jpg\"><img loading=\"lazy\" decoding=\"async\" class=\" alignleft\" src=\"https:\/\/indecosoft.ro\/site\/wp-content\/uploads\/2019\/04\/20190411_112840.jpg\" alt=\"\" width=\"192\" height=\"144\" \/><\/a>1969 &#8211; 2019<\/h3>\n<p style=\"text-align: justify;\">Placheta Jubiliar\u0103 &#8211; 50 de ani de \u00eenv\u0103\u021b\u0103m\u00e2nt tehnic superior<\/p>\n<p>\n<\/div><div class=\"kc-elm kc-css-566973\" style=\"height: 50px; clear: both; width:100%;\"><\/div><div class=\"kc-elm kc-css-161374 kc_text_block\"><\/p>\n<h3><a href=\"https:\/\/indecosoft.ro\/site\/wp-content\/uploads\/2019\/04\/20190411_113027.jpg\"><img loading=\"lazy\" decoding=\"async\" class=\"alignleft\" src=\"https:\/\/indecosoft.ro\/site\/wp-content\/uploads\/2019\/04\/20190411_113027.jpg\" alt=\"\" width=\"200\" height=\"150\" \/><\/a><\/h3>\n<h3>2018<\/h3>\n<p style=\"text-align: justify;\">Locul I \u00een topul jude\u021bean al firmelor mijlocii de IT din jude\u021bul Maramure\u0219 atribuit de Camera de Comer\u021b \u0219i Industrie Maramure\u0219.<\/p>\n<h3><\/h3>\n<p>\n<\/div><div class=\"kc-elm kc-css-713947\" style=\"height: 50px; clear: both; width:100%;\"><\/div><div class=\"kc-elm kc-css-846880 kc_text_block\"><\/p>\n<h3><a href=\"https:\/\/indecosoft.ro\/site\/wp-content\/uploads\/2019\/04\/20190411_112927.jpg\"><img loading=\"lazy\" decoding=\"async\" class=\"alignleft\" src=\"https:\/\/indecosoft.ro\/site\/wp-content\/uploads\/2019\/04\/20190411_112927.jpg\" alt=\"\" width=\"200\" height=\"150\" \/><\/a><\/h3>\n<h3>2017<\/h3>\n<p style=\"text-align: justify;\">Locul I \u00een topul jude\u021bean al firmelor mijlocii de IT din jude\u021bul Maramure\u0219 atribuit de Camera de Comer\u021b \u0219i Industrie Maramure\u0219.<\/p>\n<h3><\/h3>\n<p>\n<\/div><div class=\"kc-elm kc-css-202618\" style=\"height: 50px; clear: both; width:100%;\"><\/div><div class=\"kc-elm kc-css-990687 kc_text_block\"><\/p>\n<h3><a href=\"https:\/\/indecosoft.ro\/site\/wp-content\/uploads\/2011\/12\/eGovernment20161.png\"><img loading=\"lazy\" decoding=\"async\" class=\"alignleft size-thumbnail wp-image-4454 imgborder\" src=\"https:\/\/indecosoft.ro\/site\/wp-content\/uploads\/2011\/12\/eGovernment20161.png\" alt=\"\" width=\"150\" height=\"150\" \/><\/a>2016<\/h3>\n<p style=\"text-align: justify;\">Cea mai bun\u0103 solu\u021bie de e-Guvernare (The Best e-Government solution) \u2013 ASISOC \u2013 distinc\u021bie oferit\u0103 \u00een cadrul evenimentului TechIndustry Awards, Cluj Napoca.<\/p>\n<p>\n<\/div><div class=\"kc-elm kc-css-393434\" style=\"height: 50px; clear: both; width:100%;\"><\/div><div class=\"kc-elm kc-css-762150 kc_text_block\"><\/p>\n<h3><a href=\"https:\/\/indecosoft.ro\/site\/wp-content\/uploads\/2014\/12\/DSC_3786.jpg\"><img loading=\"lazy\" decoding=\"async\" class=\"alignleft size-thumbnail wp-image-2515 imgborder\" src=\"https:\/\/indecosoft.ro\/site\/wp-content\/uploads\/2014\/12\/DSC_3786.jpg\" alt=\"\" width=\"150\" height=\"150\" \/><\/a><\/h3>\n<h3>2013<\/h3>\n<p style=\"text-align: justify;\">Locul I \u00een topul jude\u021bean al firmelor mijlocii de IT din jude\u021bul Maramure\u0219 atribuit de Camera de Comer\u021b \u0219i Industrie Maramure\u0219.<\/p>\n<h3><\/h3>\n<p>\n<\/div><div class=\"kc-elm kc-css-49560\" style=\"height: 50px; clear: both; width:100%;\"><\/div><div class=\"kc-elm kc-css-399918 kc_text_block\"><\/p>\n<h3><a href=\"https:\/\/indecosoft.ro\/site\/wp-content\/uploads\/2012\/12\/DSC_3784.jpg\"><img loading=\"lazy\" decoding=\"async\" class=\"alignleft size-thumbnail wp-image-2515 imgborder\" src=\"https:\/\/indecosoft.ro\/site\/wp-content\/uploads\/2014\/12\/DSC_3784.jpg\" alt=\"\" width=\"150\" height=\"150\" \/><\/a>2012<\/h3>\n<p style=\"text-align: justify;\">Locul I \u00een topul jude\u021bean al firmelor mijlocii de IT din jude\u021bul Maramure\u0219 atribuit de Camera de Comer\u021b \u0219i Industrie Maramure\u0219.<\/p>\n<h3><\/h3>\n<p>\n<\/div><div class=\"kc-elm kc-css-374489\" style=\"height: 50px; clear: both; width:100%;\"><\/div><div class=\"kc-elm kc-css-339669 kc_text_block\"><\/p>\n<h3><a style=\"font-size: 16px;\" href=\"https:\/\/indecosoft.ro\/site\/wp-content\/uploads\/2012\/12\/premiu-2011-m.png\"><img loading=\"lazy\" decoding=\"async\" class=\"alignleft size-thumbnail wp-image-2515 imgborder\" src=\"https:\/\/indecosoft.ro\/site\/wp-content\/uploads\/2012\/12\/premiu-2011-m-150x150.png\" alt=\"\" width=\"150\" height=\"150\" \/><\/a><\/h3>\n<h3>2011<\/h3>\n<p style=\"text-align: justify;\">Locul I \u00een topul jude\u021bean al firmelor mijlocii de IT din jude\u021bul Maramure\u0219 atribuit de Camera de Comer\u021b \u0219i Industrie Maramure\u0219.<\/p>\n<h3><\/h3>\n<p>\n<\/div><div class=\"kc-elm kc-css-727432\" style=\"height: 50px; clear: both; width:100%;\"><\/div><div class=\"kc-elm kc-css-257148 kc_text_block\"><\/p>\n<h3><a href=\"https:\/\/indecosoft.ro\/site\/wp-content\/uploads\/2011\/12\/premii-2010.jpg\"><img loading=\"lazy\" decoding=\"async\" class=\"alignleft size-medium wp-image-702 imgborder\" src=\"https:\/\/indecosoft.ro\/site\/wp-content\/uploads\/2011\/12\/premii-2010-300x210.jpg\" alt=\"\" width=\"150\" height=\"150\" \/><\/a>2010<\/h3>\n<p style=\"text-align: justify;\">Premiul de excelen\u021b\u0103 APERO (Asocia\u021bia de Pl\u0103\u021bi Electronice din Rom\u00e2nia) pentru cea mai bun\u0103 solu\u021bie de plat\u0103 online a taxelor \u0219i impozitelor cu cardul bancar.<\/p>\n<h3><\/h3>\n<p>\n<\/div><div class=\"kc-elm kc-css-712558\" style=\"height: 50px; clear: both; width:100%;\"><\/div><div class=\"kc-elm kc-css-926335 kc_text_block\"><\/p>\n<h3><a style=\"font-size: 1.3em; font-style: inherit;\" href=\"https:\/\/indecosoft.ro\/site\/wp-content\/uploads\/2011\/12\/premii-2010_1.jpg\"><img loading=\"lazy\" decoding=\"async\" class=\"alignleft size-thumbnail wp-image-817 imgborder\" src=\"https:\/\/indecosoft.ro\/site\/wp-content\/uploads\/2011\/12\/premii-2010_1-150x150.jpg\" alt=\"\" width=\"150\" height=\"150\" \/><\/a><\/h3>\n<h3>2010<\/h3>\n<p style=\"text-align: justify;\">Locul I \u00een topul jude\u021bean al firmelor mijlocii de IT din jude\u021bul Maramure\u0219 atribuit de Camera de Comer\u021b \u0219i Industrie Maramure\u0219.<\/p>\n<p style=\"text-align: justify;\">\n<\/div><div class=\"kc-elm kc-css-911259\" style=\"height: 50px; clear: both; width:100%;\"><\/div><\/div><\/div><div class=\"kc-elm kc-css-138266 kc_col-sm-6 kc_column kc_col-sm-6\"><div class=\"kc-col-container\"><div class=\"kc-elm kc-css-783700 kc_text_block\"><\/p>\n<h3><a style=\"font-size: 1.3em; font-style: inherit;\" href=\"https:\/\/indecosoft.ro\/site\/wp-content\/uploads\/2011\/12\/premii-2009.jpg\"><img loading=\"lazy\" decoding=\"async\" class=\"alignleft size-thumbnail wp-image-544 imgborder\" src=\"https:\/\/indecosoft.ro\/site\/wp-content\/uploads\/2011\/12\/premii-2009-150x150.jpg\" alt=\"\" width=\"150\" height=\"150\" \/><\/a><\/h3>\n<h3>2009<\/h3>\n<p style=\"text-align: justify;\">Locul I \u00een topul jude\u021bean al firmelor mijlocii de IT din jude\u021bul Maramure\u0219 atribuit de Camera de Comer\u021b \u0219i Industrie Maramure\u0219.<span style=\"font-style: inherit;\">er 2003.<\/span><\/p>\n<p style=\"text-align: justify;\">\n<\/div><div class=\"kc-elm kc-css-435145\" style=\"height: 50px; clear: both; width:100%;\"><\/div><div class=\"kc-elm kc-css-11681 kc_text_block\"><\/p>\n<h3><a style=\"font-size: 1.3em; font-style: inherit;\" href=\"https:\/\/indecosoft.ro\/site\/wp-content\/uploads\/2011\/12\/premii-2008.jpg\"><img loading=\"lazy\" decoding=\"async\" class=\"alignleft size-thumbnail wp-image-543 imgborder\" src=\"https:\/\/indecosoft.ro\/site\/wp-content\/uploads\/2011\/12\/premii-2008-150x150.jpg\" alt=\"\" width=\"150\" height=\"150\" \/><\/a><\/h3>\n<h3>2008<\/h3>\n<p style=\"text-align: justify;\">Locul I \u00een topul jude\u021bean al firmelor mijlocii de IT din jude\u021bul Maramure\u0219 atribuit de Camera de Comer\u021b \u0219i Industrie Maramure\u0219.<\/p>\n<p style=\"text-align: justify;\">\n<\/div><div class=\"kc-elm kc-css-263346\" style=\"height: 50px; clear: both; width:100%;\"><\/div><div class=\"kc-elm kc-css-136632 kc_text_block\"><\/p>\n<h3><a style=\"font-size: 1.3em; font-style: inherit;\" href=\"https:\/\/indecosoft.ro\/site\/wp-content\/uploads\/2011\/12\/premii-aniap-2008.jpg\"><img loading=\"lazy\" decoding=\"async\" class=\"alignleft size-thumbnail wp-image-541 imgborder\" src=\"https:\/\/indecosoft.ro\/site\/wp-content\/uploads\/2011\/12\/premii-aniap-2008-150x150.jpg\" alt=\"\" width=\"150\" height=\"150\" \/><\/a><\/h3>\n<h3>2008<\/h3>\n<p style=\"text-align: justify;\">Solu\u021bia anului 2008 la conferin\u021ba anuala ANIAP (Asocia\u021bia Na\u021bional\u0103 a Informaticienilor din Administra\u021bia Public\u0103) prin \u00a0implementarea\u00a0 sistemului SIGMA la Prim\u0103ria Municipiului Oradea.<\/p>\n<p style=\"text-align: justify;\">\n<\/div><div class=\"kc-elm kc-css-749421\" style=\"height: 50px; clear: both; width:100%;\"><\/div><div class=\"kc-elm kc-css-600189 kc_text_block\"><\/p>\n<h3><a style=\"font-size: 1.3em; font-style: inherit;\" href=\"https:\/\/indecosoft.ro\/site\/wp-content\/uploads\/2011\/12\/premii-2007.jpg\"><img loading=\"lazy\" decoding=\"async\" class=\"alignleft size-thumbnail wp-image-813 imgborder\" src=\"https:\/\/indecosoft.ro\/site\/wp-content\/uploads\/2011\/12\/premii-2007-150x150.jpg\" alt=\"\" width=\"150\" height=\"150\" \/><\/a><\/h3>\n<h3>2007<\/h3>\n<p style=\"text-align: justify;\">Locul I \u00een topul jude\u021bean al firmelor mijlocii de IT din jude\u021bul Maramure\u0219 atribuit de Camera de Comer\u021b \u0219i Industrie Maramure\u0219.<\/p>\n<p style=\"text-align: justify;\">\n<\/div><div class=\"kc-elm kc-css-473355\" style=\"height: 50px; clear: both; width:100%;\"><\/div><div class=\"kc-elm kc-css-574614 kc_text_block\"><\/p>\n<h3><a style=\"font-size: 1.3em; font-style: inherit;\" href=\"https:\/\/indecosoft.ro\/site\/wp-content\/uploads\/2011\/12\/premii-2006.jpg\"><img loading=\"lazy\" decoding=\"async\" class=\"alignleft size-thumbnail wp-image-812 imgborder\" src=\"https:\/\/indecosoft.ro\/site\/wp-content\/uploads\/2011\/12\/premii-2006-150x150.jpg\" alt=\"\" width=\"150\" height=\"150\" \/><\/a><\/h3>\n<h3>2006<\/h3>\n<p style=\"text-align: justify;\">Locul I \u00een topul jude\u021bean al firmelor mijlocii de IT din jude\u021bul Maramure\u0219 atribuit de Camera de Comer\u021b \u0219i Industrie Maramure\u0219.<\/p>\n<h3><\/h3>\n<p style=\"text-align: justify;\">\n<\/div><div class=\"kc-elm kc-css-633102\" style=\"height: 50px; clear: both; width:100%;\"><\/div><div class=\"kc-elm kc-css-781370 kc_text_block\"><\/p>\n<h3><a style=\"font-size: 1.3em; font-style: inherit;\" href=\"https:\/\/indecosoft.ro\/site\/wp-content\/uploads\/2011\/12\/premii-2005.jpg\"><img loading=\"lazy\" decoding=\"async\" class=\"alignleft size-thumbnail wp-image-811 imgborder\" src=\"https:\/\/indecosoft.ro\/site\/wp-content\/uploads\/2011\/12\/premii-2005-150x150.jpg\" alt=\"\" width=\"150\" height=\"150\" \/><\/a><\/h3>\n<h3>2005<\/h3>\n<p style=\"text-align: justify;\">Locul I \u00een topul jude\u021bean al firmelor mici de IT din jude\u021bul Maramure\u0219 atribuit de Camera de Comer\u021b \u0219i Industrie Maramure\u0219.<\/p>\n<p style=\"text-align: justify;\">\n<\/div><div class=\"kc-elm kc-css-532073\" style=\"height: 50px; clear: both; width:100%;\"><\/div><div class=\"kc-elm kc-css-181460 kc_text_block\"><\/p>\n<h3><a style=\"font-size: 1.3em; font-style: inherit;\" href=\"https:\/\/indecosoft.ro\/site\/wp-content\/uploads\/2011\/12\/premii-aniap-2005.jpg\"><img loading=\"lazy\" decoding=\"async\" class=\"alignleft size-thumbnail wp-image-527 imgborder\" src=\"https:\/\/indecosoft.ro\/site\/wp-content\/uploads\/2011\/12\/premii-aniap-2005-150x150.jpg\" alt=\"\" width=\"150\" height=\"150\" \/><\/a><\/h3>\n<h3>2005<\/h3>\n<p style=\"text-align: justify;\">Locul I la conferin\u021ba anual\u0103 ANIAP (Asocia\u021bia Na\u021bional\u0103 a Informaticienilor din Administra\u021bia Public\u0103) \u00een consursul de prezent\u0103ri unde a fost prezentat sistemul SIGMA \u2013 Sistem Informatic Integrat de Management \u00een administra\u021bia local\u0103.<\/p>\n<h3><\/h3>\n<p style=\"text-align: justify;\">\n<\/div><div class=\"kc-elm kc-css-41255\" style=\"height: 50px; clear: both; width:100%;\"><\/div><div class=\"kc-elm kc-css-123127 kc_text_block\"><\/p>\n<h3><a style=\"font-size: 1.3em; font-style: inherit;\" href=\"https:\/\/indecosoft.ro\/site\/wp-content\/uploads\/2011\/12\/premii-2003.jpg\"><img loading=\"lazy\" decoding=\"async\" class=\"alignleft size-thumbnail wp-image-516 imgborder\" src=\"https:\/\/indecosoft.ro\/site\/wp-content\/uploads\/2011\/12\/premii-2003-150x150.jpg\" alt=\"\" width=\"150\" height=\"150\" \/><\/a><\/h3>\n<h3>2003<\/h3>\n<p style=\"text-align: justify;\">Distinc\u021bie pentru contribu\u021bia la lansarea Microsoft Server 2003.<\/p>\n<p style=\"text-align: justify;\">\n<\/div><div class=\"kc-elm kc-css-365231\" style=\"height: 50px; clear: both; width:100%;\"><\/div><\/div><\/div><\/div><\/div><\/section><section class=\"kc-elm kc-css-538127 kc_row\"><div class=\"kc-row-container  kc-container\"><div class=\"kc-wrap-columns\"><div class=\"kc-elm kc-css-980252 kc_col-sm-12 kc_column kc_col-sm-12\"><div class=\"kc-col-container\"><div class=\"kc-elm kc-css-811225\" style=\"height: 50px; clear: both; width:100%;\"><\/div><\/div><\/div><\/div><\/div><\/section><section class=\"kc-elm kc-css-92337 kc_row\"><div class=\"kc-row-container  kc-container\"><div class=\"kc-wrap-columns\"><div class=\"kc-elm kc-css-617260 kc_col-sm-12 kc_column kc_col-sm-12\"><div class=\"kc-col-container\"><div class=\"kc-elm kc-css-64730 kc_text_block\"><\/p>\n<p>\n<\/div><\/div><\/div><\/div><\/div><\/section><\/p>\n","protected":false},"excerpt":{"rendered":"","protected":false},"author":1,"featured_media":0,"parent":268,"menu_order":0,"comment_status":"closed","ping_status":"closed","template":"","meta":{"footnotes":""},"_links":{"self":[{"href":"https:\/\/indecosoft.ro\/site\/wp-json\/wp\/v2\/pages\/339"}],"collection":[{"href":"https:\/\/indecosoft.ro\/site\/wp-json\/wp\/v2\/pages"}],"about":[{"href":"https:\/\/indecosoft.ro\/site\/wp-json\/wp\/v2\/types\/page"}],"author":[{"embeddable":true,"href":"https:\/\/indecosoft.ro\/site\/wp-json\/wp\/v2\/users\/1"}],"replies":[{"embeddable":true,"href":"https:\/\/indecosoft.ro\/site\/wp-json\/wp\/v2\/comments?post=339"}],"version-history":[{"count":63,"href":"https:\/\/indecosoft.ro\/site\/wp-json\/wp\/v2\/pages\/339\/revisions"}],"predecessor-version":[{"id":7247,"href":"https:\/\/indecosoft.ro\/site\/wp-json\/wp\/v2\/pages\/339\/revisions\/7247"}],"up":[{"embeddable":true,"href":"https:\/\/indecosoft.ro\/site\/wp-json\/wp\/v2\/pages\/268"}],"wp:attachment":[{"href":"https:\/\/indecosoft.ro\/site\/wp-json\/wp\/v2\/media?parent=339"}],"curies":[{"name":"wp","href":"https:\/\/api.w.org\/{rel}","templated":true}]}}