{"id":1063,"date":"2012-02-13T09:35:03","date_gmt":"2012-02-13T07:35:03","guid":{"rendered":"https:\/\/indecosoft.ro\/site\/?page_id=1063"},"modified":"2017-09-26T14:57:57","modified_gmt":"2017-09-26T12:57:57","slug":"impozite-si-taxe","status":"publish","type":"page","link":"https:\/\/indecosoft.ro\/site\/produse-si-solutii\/produse-pentru-administratia-publica\/impozite-si-taxe\/","title":{"rendered":"Impozite \u0219i Taxe"},"content":{"rendered":"<section class=\"kc-elm kc-css-612396 kc_row\"><div class=\"kc-row-container  kc-container\"><div class=\"kc-wrap-columns\"><div class=\"kc-elm kc-css-975850 kc_col-sm-12 kc_column kc_col-sm-12\"><div class=\"kc-col-container\"><div class=\"kc-elm kc-css-8932 kc_row kc_row_inner\"><div class=\"kc-elm kc-css-243960 kc_col-sm-12 kc_column_inner kc_col-sm-12\"><div class=\"kc_wrapper kc-col-inner-container\"><div class=\"kc-elm kc-css-231358\" style=\"height: 50px; clear: both; width:100%;\"><\/div>\n<div class=\"kc-elm kc-css-144133 kc-animated kc-animate-eff-bounceInRight kc-animate-delay-500 kc-animate-speed-3.5s kc-title-wrap \">\n\n\t<h4 class=\"kc_title\">Impozite \u0219i Taxe<\/h4>\n<\/div>\n<div class=\"kc-elm kc-css-307288\" style=\"height: 50px; clear: both; width:100%;\"><\/div><div class=\"kc-elm kc-css-97014 kc_text_block\"><\/p>\n<h3>Impotax<img loading=\"lazy\" decoding=\"async\" class=\"alignleft size-thumbnail wp-image-1099 imgborder\" src=\"https:\/\/indecosoft.ro\/site\/wp-content\/uploads\/2012\/02\/impozite-150x150.png\" alt=\"\" width=\"100\" height=\"100\" \/><\/h3>\n<p style=\"text-align: justify;\">Impotax este un sistem integrat de gestionare \u015fi colectare a taxelor \u015fi impozitelor locale, fiind dezvoltat \u00een conformitate cu Codul Fiscal \u0219i Codul de Procedur\u0103 Fiscal\u0103 \u00een vigoare \u0219i actualizat cu ultimele modific\u0103ri legislative \u015fi normele metodologice de aplicare ale acestora.<\/p>\n<h3><!--:--><\/h3>\n<p>\n<\/div><div class=\"kc-elm kc-css-241239 kc_text_block\"><\/p>\n<p><strong><a href=\"https:\/\/indecosoft.ro\/site\/impotax\/\">Mai multe detalii&#8230;<\/a><\/strong><\/p>\n<p>\n<\/div><div class=\"kc-elm kc-css-530877\" style=\"height: 50px; clear: both; width:100%;\"><\/div><\/div><\/div><\/div><div class=\"kc-elm kc-css-81127 kc_text_block\"><\/p>\n<h3>GlobalPay<img loading=\"lazy\" decoding=\"async\" class=\"alignleft size-thumbnail wp-image-1300 imgborder\" src=\"https:\/\/indecosoft.ro\/site\/wp-content\/uploads\/2012\/02\/globalpay-150x150.png\" alt=\"\" width=\"100\" height=\"100\" \/><\/h3>\n<p>Plata taxelor \u0219i a impozitelor locale pe internet, prin card bancar.<\/p>\n<h3><!--:--><\/h3>\n<p>\n<\/div><div class=\"kc-elm kc-css-55188 kc_text_block\"><\/p>\n<p><strong><a href=\"https:\/\/indecosoft.ro\/site\/globalpay\/\">Mai multe detalii&#8230;<\/a><\/strong><\/p>\n<p>\n<\/div><div class=\"kc-elm kc-css-682271\" style=\"height: 50px; clear: both; width:100%;\"><\/div><div class=\"kc-elm kc-css-360246 kc_text_block\"><\/p>\n<h3><img loading=\"lazy\" decoding=\"async\" class=\"alignleft size-thumbnail wp-image-1302 imgborder\" style=\"font-size: 1.3em; font-style: inherit;\" src=\"https:\/\/indecosoft.ro\/site\/wp-content\/uploads\/2012\/02\/impotax-posta-150x150.png\" alt=\"\" width=\"100\" height=\"100\" \/><\/h3>\n<h3>Impotax-P<\/h3>\n<p style=\"text-align: justify;\">Impotax &#8211; Po\u015ft\u0103 este destinat \u00eencas\u0103rii impozitelor \u015fi taxelor locale datorate de contribuabili, prin intermediul oficiilor po\u015ftei rom\u00e2ne, unit\u0103\u0163ilor CEC sau ale altor institu\u0163ii cu care prim\u0103ria are un acord \u00een acest sens.<\/p>\n<h3><\/h3>\n<h3><!--:--><\/h3>\n<p>\n<\/div><div class=\"kc-elm kc-css-156590 kc_text_block\"><\/p>\n<p><strong><a href=\"https:\/\/indecosoft.ro\/site\/impotax-p\/\">Mai multe detalii&#8230;<\/a><\/strong><\/p>\n<p>\n<\/div><div class=\"kc-elm kc-css-742909\" style=\"height: 50px; clear: both; width:100%;\"><\/div><div class=\"kc-elm kc-css-709234 kc_text_block\"><\/p>\n<h3><img loading=\"lazy\" decoding=\"async\" class=\"alignleft wp-image-1634 imgborder\" style=\"font-size: 1.3em; font-style: inherit;\" src=\"https:\/\/indecosoft.ro\/site\/wp-content\/uploads\/2012\/06\/logo_meco-150x150.png\" alt=\"\" width=\"100\" height=\"100\" \/><\/h3>\n<h3>MECO<\/h3>\n<p>Modul Eliberare Certificate Online<\/p>\n<h3><!--:--><\/h3>\n<p>\n<\/div><div class=\"kc-elm kc-css-35396 kc_text_block\"><\/p>\n<p><strong><a href=\"https:\/\/indecosoft.ro\/site\/meco\/\">Mai multe detalii&#8230;<\/a><\/strong><\/p>\n<p>\n<\/div><div class=\"kc-elm kc-css-56916\" style=\"height: 50px; clear: both; width:100%;\"><\/div><div class=\"kc-elm kc-css-327772 kc_text_block\"><\/p>\n<h3><img loading=\"lazy\" decoding=\"async\" class=\"alignleft size-thumbnail wp-image-1306 imgborder\" style=\"font-size: 1.3em; font-style: inherit;\" src=\"https:\/\/indecosoft.ro\/site\/wp-content\/uploads\/2012\/02\/logo_ddi-150x150.png\" alt=\"\" width=\"100\" height=\"100\" \/><\/h3>\n<h3>DDI<\/h3>\n<p>Depuneri Declara\u021bii Online<\/p>\n<h3><!--:--><\/h3>\n<p>\n<\/div><div class=\"kc-elm kc-css-202325 kc_text_block\"><\/p>\n<p><strong><a href=\"https:\/\/indecosoft.ro\/site\/ddi-modul-de-declaratii-online\/\">Mai multe detalii&#8230;<\/a><\/strong><\/p>\n<p>\n<\/div><div class=\"kc-elm kc-css-841986\" style=\"height: 100px; clear: both; width:100%;\"><\/div><\/div><\/div><\/div><\/div><\/section>\n","protected":false},"excerpt":{"rendered":"","protected":false},"author":1,"featured_media":0,"parent":236,"menu_order":0,"comment_status":"closed","ping_status":"closed","template":"","meta":{"footnotes":""},"_links":{"self":[{"href":"https:\/\/indecosoft.ro\/site\/wp-json\/wp\/v2\/pages\/1063"}],"collection":[{"href":"https:\/\/indecosoft.ro\/site\/wp-json\/wp\/v2\/pages"}],"about":[{"href":"https:\/\/indecosoft.ro\/site\/wp-json\/wp\/v2\/types\/page"}],"author":[{"embeddable":true,"href":"https:\/\/indecosoft.ro\/site\/wp-json\/wp\/v2\/users\/1"}],"replies":[{"embeddable":true,"href":"https:\/\/indecosoft.ro\/site\/wp-json\/wp\/v2\/comments?post=1063"}],"version-history":[{"count":21,"href":"https:\/\/indecosoft.ro\/site\/wp-json\/wp\/v2\/pages\/1063\/revisions"}],"predecessor-version":[{"id":1100,"href":"https:\/\/indecosoft.ro\/site\/wp-json\/wp\/v2\/pages\/1063\/revisions\/1100"}],"up":[{"embeddable":true,"href":"https:\/\/indecosoft.ro\/site\/wp-json\/wp\/v2\/pages\/236"}],"wp:attachment":[{"href":"https:\/\/indecosoft.ro\/site\/wp-json\/wp\/v2\/media?parent=1063"}],"curies":[{"name":"wp","href":"https:\/\/api.w.org\/{rel}","templated":true}]}}